CRAN Package Check Results for Package WLreg

Last updated on 2022-01-24 22:56:45 CET.

Flavor Version Tinstall Tcheck Ttotal Status Flags
r-devel-linux-x86_64-debian-clang 1.0.0 8.19 70.95 79.14 NOTE
r-devel-linux-x86_64-debian-gcc 1.0.0 6.35 54.99 61.34 NOTE
r-devel-linux-x86_64-fedora-clang 1.0.0 97.25 NOTE
r-devel-linux-x86_64-fedora-gcc 1.0.0 95.60 NOTE
r-devel-windows-x86_64-new-UL 1.0.0 17.00 93.00 110.00 NOTE
r-devel-windows-x86_64-new-TK 1.0.0 NOTE
r-patched-linux-x86_64 1.0.0 6.70 70.34 77.04 NOTE
r-release-linux-x86_64 1.0.0 6.84 69.64 76.48 NOTE
r-release-macos-arm64 1.0.0 NOTE
r-release-macos-x86_64 1.0.0 NOTE
r-release-windows-ix86+x86_64 1.0.0 21.00 112.00 133.00 NOTE
r-oldrel-macos-x86_64 1.0.0 OK
r-oldrel-windows-ix86+x86_64 1.0.0 20.00 111.00 131.00 OK

Check Details

Version: 1.0.0
Check: LazyData
Result: NOTE
     'LazyData' is specified without a 'data' directory
Flavors: r-devel-linux-x86_64-debian-clang, r-devel-linux-x86_64-debian-gcc, r-devel-linux-x86_64-fedora-clang, r-devel-linux-x86_64-fedora-gcc, r-devel-windows-x86_64-new-UL, r-devel-windows-x86_64-new-TK, r-patched-linux-x86_64, r-release-linux-x86_64, r-release-macos-arm64, r-release-macos-x86_64, r-release-windows-ix86+x86_64