Last updated on 2024-05-03 22:53:29 CEST.
Flavor | Version | Tinstall | Tcheck | Ttotal | Status | Flags |
---|---|---|---|---|---|---|
r-devel-linux-x86_64-debian-clang | 0.1.0 | 2.72 | 27.62 | 30.34 | OK | |
r-devel-linux-x86_64-fedora-clang | 0.1.0 | 39.67 | NOTE | |||
r-devel-linux-x86_64-fedora-gcc | 0.1.0 | 57.64 | NOTE | |||
r-devel-windows-x86_64 | 0.1.0 | 4.00 | 44.00 | 48.00 | OK | |
r-patched-linux-x86_64 | 0.1.0 | 2.82 | 27.17 | 29.99 | OK | |
r-release-linux-x86_64 | 0.1.0 | 2.56 | 27.33 | 29.89 | OK | |
r-release-macos-arm64 | 0.1.0 | 27.00 | OK | |||
r-release-windows-x86_64 | 0.1.0 | 4.00 | 44.00 | 48.00 | OK | |
r-oldrel-macos-arm64 | 0.1.0 | 26.00 | OK | |||
r-oldrel-macos-x86_64 | 0.1.0 | 39.00 | OK | |||
r-oldrel-windows-x86_64 | 0.1.0 | 4.00 | 44.00 | 48.00 | OK |
Version: 0.1.0
Check: dependencies in R code
Result: NOTE
Namespace in Imports field not imported from: ‘sna’
All declared Imports should be used.
Flavors: r-devel-linux-x86_64-fedora-clang, r-devel-linux-x86_64-fedora-gcc