CRAN Package Check Results for Package WPKDE

Last updated on 2023-09-29 21:54:10 CEST.

Flavor Version Tinstall Tcheck Ttotal Status Flags
r-devel-linux-x86_64-debian-clang 0.1 3.94 35.83 39.77 NOTE
r-devel-linux-x86_64-debian-gcc 0.1 3.49 28.31 31.80 NOTE
r-devel-linux-x86_64-fedora-clang 0.1 49.88 NOTE
r-devel-linux-x86_64-fedora-gcc 0.1 51.33 NOTE
r-devel-windows-x86_64 0.1 6.00 60.00 66.00 NOTE
r-patched-linux-x86_64 0.1 4.45 35.16 39.61 NOTE
r-release-linux-x86_64 0.1 4.69 35.24 39.93 NOTE
r-release-macos-arm64 0.1 23.00 NOTE
r-release-macos-x86_64 0.1 34.00 NOTE
r-release-windows-x86_64 0.1 8.00 59.00 67.00 NOTE
r-oldrel-macos-arm64 0.1 24.00 NOTE
r-oldrel-macos-x86_64 0.1 29.00 NOTE
r-oldrel-windows-x86_64 0.1 8.00 56.00 64.00 NOTE

Check Details

Version: 0.1
Check: LazyData
Result: NOTE
     'LazyData' is specified without a 'data' directory
Flavors: r-devel-linux-x86_64-debian-clang, r-devel-linux-x86_64-debian-gcc, r-devel-linux-x86_64-fedora-clang, r-devel-linux-x86_64-fedora-gcc, r-devel-windows-x86_64, r-patched-linux-x86_64, r-release-linux-x86_64, r-release-macos-arm64, r-release-macos-x86_64, r-release-windows-x86_64, r-oldrel-macos-arm64, r-oldrel-macos-x86_64, r-oldrel-windows-x86_64