CRAN Package Check Results for Package WeightSVM

Last updated on 2021-05-06 22:55:40 CEST.

Flavor Version Tinstall Tcheck Ttotal Status Flags
r-devel-linux-x86_64-debian-clang 1.7-5 9.69 39.48 49.17 OK
r-devel-linux-x86_64-debian-gcc 1.7-5 6.25 31.02 37.27 OK
r-devel-linux-x86_64-fedora-clang 1.7-5 68.99 NOTE
r-devel-linux-x86_64-fedora-gcc 1.7-5 59.47 OK
r-devel-windows-ix86+x86_64 1.7-5 15.00 67.00 82.00 OK
r-devel-windows-x86_64-gcc10-UCRT 1.7-5 OK
r-patched-linux-x86_64 1.7-5 8.34 38.71 47.05 OK
r-patched-solaris-x86 1.7-5 82.80 OK
r-release-linux-x86_64 1.7-5 8.15 37.78 45.93 OK
r-release-macos-x86_64 1.7-5 OK
r-release-windows-ix86+x86_64 1.7-5 14.00 54.00 68.00 OK
r-oldrel-macos-x86_64 1.7-5 OK
r-oldrel-windows-ix86+x86_64 1.7-5 15.00 11.00 26.00 ERROR

Check Details

Version: 1.7-5
Check: Rd cross-references
Result: NOTE
    Undeclared package ‘slam’ in Rd xrefs
Flavor: r-devel-linux-x86_64-fedora-clang

Version: 1.7-5
Check: whether package can be installed
Result: ERROR
    Installation failed.
    See 'd:/Rcompile/CRANpkg/local/3.6/WeightSVM.Rcheck/00install.out'* DONE
Flavor: r-oldrel-windows-ix86+x86_64