CRAN Package Check Results for Package WindCurves

Last updated on 2021-11-29 22:59:29 CET.

Flavor Version Tinstall Tcheck Ttotal Status Flags
r-devel-linux-x86_64-debian-clang 0.1.3 2.74 28.78 31.52 NOTE
r-devel-linux-x86_64-debian-gcc 0.1.3 2.24 23.09 25.33 NOTE
r-devel-linux-x86_64-fedora-clang 0.1.3 50.65 NOTE
r-devel-linux-x86_64-fedora-gcc 0.1.3 39.13 NOTE
r-devel-windows-x86_64-new-UL 0.1.3 10.00 71.00 81.00 NOTE
r-devel-windows-x86_64-new-TK 0.1.3 NOTE
r-devel-windows-x86_64-old 0.1.3 8.00 38.00 46.00 NOTE
r-patched-linux-x86_64 0.1.3 3.15 27.70 30.85 NOTE
r-patched-solaris-x86 0.1.3 60.00 NOTE
r-release-linux-x86_64 0.1.3 3.03 27.76 30.79 NOTE
r-release-macos-arm64 0.1.3 NOTE
r-release-macos-x86_64 0.1.3 NOTE
r-release-windows-ix86+x86_64 0.1.3 8.00 45.00 53.00 NOTE
r-oldrel-macos-x86_64 0.1.3 NOTE
r-oldrel-windows-ix86+x86_64 0.1.3 6.00 43.00 49.00 NOTE

Check Details

Version: 0.1.3
Check: package vignettes
Result: NOTE
    Package vignette with placeholder title 'Vignette Title':
     'WindCurves_Info.Rmd'
Flavors: r-devel-linux-x86_64-debian-clang, r-devel-linux-x86_64-debian-gcc, r-devel-windows-x86_64-new-UL, r-devel-windows-x86_64-old, r-patched-linux-x86_64, r-release-linux-x86_64, r-release-windows-ix86+x86_64, r-oldrel-windows-ix86+x86_64

Version: 0.1.3
Check: dependencies in R code
Result: NOTE
    Namespaces in Imports field not imported from:
     ‘drc’ ‘imputeTestbench’
     All declared Imports should be used.
Flavors: r-devel-linux-x86_64-fedora-clang, r-devel-linux-x86_64-fedora-gcc, r-devel-windows-x86_64-new-TK, r-patched-solaris-x86, r-release-macos-arm64, r-release-macos-x86_64, r-oldrel-macos-x86_64