CRAN Package Check Results for Package WordR

Last updated on 2021-12-03 22:58:01 CET.

Flavor Version Tinstall Tcheck Ttotal Status Flags
r-devel-linux-x86_64-debian-clang 0.3.1 3.66 52.51 56.17 NOTE
r-devel-linux-x86_64-debian-gcc 0.3.1 3.09 39.42 42.51 NOTE
r-devel-linux-x86_64-fedora-clang 0.3.1 77.50 NOTE
r-devel-linux-x86_64-fedora-gcc 0.3.1 65.83 NOTE
r-devel-windows-x86_64-new-UL 0.3.1 10.00 92.00 102.00 NOTE
r-devel-windows-x86_64-new-TK 0.3.1 NOTE
r-devel-windows-x86_64-old 0.3.1 9.00 58.00 67.00 NOTE
r-patched-linux-x86_64 0.3.1 3.69 47.72 51.41 NOTE
r-release-linux-x86_64 0.3.1 3.35 47.70 51.05 NOTE
r-release-macos-arm64 0.3.1 NOTE
r-release-macos-x86_64 0.3.1 NOTE
r-release-windows-ix86+x86_64 0.3.1 11.00 74.00 85.00 NOTE
r-oldrel-macos-x86_64 0.3.1 OK
r-oldrel-windows-ix86+x86_64 0.3.1 11.00 71.00 82.00 OK

Check Details

Version: 0.3.1
Check: LazyData
Result: NOTE
     'LazyData' is specified without a 'data' directory
Flavors: r-devel-linux-x86_64-debian-clang, r-devel-linux-x86_64-debian-gcc, r-devel-linux-x86_64-fedora-clang, r-devel-linux-x86_64-fedora-gcc, r-devel-windows-x86_64-new-UL, r-devel-windows-x86_64-new-TK, r-devel-windows-x86_64-old, r-patched-linux-x86_64, r-release-linux-x86_64, r-release-macos-arm64, r-release-macos-x86_64, r-release-windows-ix86+x86_64