Last updated on 2024-04-22 23:10:09 CEST.
Flavor | Version | Tinstall | Tcheck | Ttotal | Status | Flags |
---|---|---|---|---|---|---|
r-devel-linux-x86_64-debian-clang | 1.14-2 | 5.04 | 36.97 | 42.01 | OK | |
r-devel-linux-x86_64-debian-gcc | 1.14-2 | 4.13 | 27.38 | 31.51 | OK | |
r-devel-linux-x86_64-fedora-clang | 1.14-2 | 52.15 | NOTE | |||
r-devel-linux-x86_64-fedora-gcc | 1.14-2 | 48.50 | NOTE | |||
r-prerel-macos-arm64 | 1.14-2 | 17.00 | OK | |||
r-prerel-macos-x86_64 | 1.14-2 | 38.00 | OK | |||
r-prerel-windows-x86_64 | 1.14-2 | 5.00 | 49.00 | 54.00 | OK | |
r-patched-linux-x86_64 | 1.14-2 | 5.51 | 34.94 | 40.45 | OK | |
r-release-linux-x86_64 | 1.14-2 | 4.16 | 35.92 | 40.08 | OK | |
r-release-macos-arm64 | 1.14-2 | 24.00 | OK | |||
r-release-macos-x86_64 | 1.14-2 | 34.00 | OK | |||
r-release-windows-x86_64 | 1.14-2 | 5.00 | 52.00 | 57.00 | OK | |
r-oldrel-macos-arm64 | 1.14-2 | 24.00 | OK | |||
r-oldrel-windows-x86_64 | 1.14-2 | 6.00 | 55.00 | 61.00 | OK |
Version: 1.14-2
Check: data for non-ASCII characters
Result: NOTE
Note: found 2 marked UTF-8 strings
Flavors: r-devel-linux-x86_64-fedora-clang, r-devel-linux-x86_64-fedora-gcc