CRAN Package Check Results for Package WorldFlora

Last updated on 2023-09-23 23:01:01 CEST.

Flavor Version Tinstall Tcheck Ttotal Status Flags
r-devel-linux-x86_64-debian-clang 1.13-2 4.10 36.53 40.63 OK
r-devel-linux-x86_64-debian-gcc 1.13-2 3.77 28.21 31.98 OK
r-devel-linux-x86_64-fedora-clang 1.13-2 49.10 NOTE
r-devel-linux-x86_64-fedora-gcc 1.13-2 49.64 NOTE
r-devel-windows-x86_64 1.13-2 4.00 51.00 55.00 OK
r-patched-linux-x86_64 1.13-2 4.50 34.84 39.34 OK
r-release-linux-x86_64 1.13-2 5.27 35.35 40.62 OK
r-release-macos-arm64 1.13-2 20.00 OK
r-release-macos-x86_64 1.13-2 39.00 OK
r-release-windows-x86_64 1.13-2 6.00 51.00 57.00 OK
r-oldrel-macos-arm64 1.13-2 23.00 OK
r-oldrel-macos-x86_64 1.13-2 32.00 OK
r-oldrel-windows-x86_64 1.13-2 7.00 51.00 58.00 OK

Check Details

Version: 1.13-2
Check: data for non-ASCII characters
Result: NOTE
     Note: found 2 marked UTF-8 strings
Flavors: r-devel-linux-x86_64-fedora-clang, r-devel-linux-x86_64-fedora-gcc