CRAN Package Check Results for Package XBRL

Last updated on 2021-08-03 22:53:48 CEST.

Flavor Version Tinstall Tcheck Ttotal Status Flags
r-devel-linux-x86_64-debian-clang 0.99.18 116.13 30.43 146.56 NOTE
r-devel-linux-x86_64-debian-gcc 0.99.18 67.07 23.73 90.80 NOTE
r-devel-linux-x86_64-fedora-clang 0.99.18 214.44 NOTE
r-devel-linux-x86_64-fedora-gcc 0.99.18 176.22 NOTE
r-devel-windows-x86_64 0.99.18 116.00 58.00 174.00 NOTE
r-devel-windows-x86_64-gcc10-UCRT 0.99.18 NOTE
r-patched-linux-x86_64 0.99.18 85.82 29.45 115.27 NOTE
r-patched-solaris-x86 0.99.18 171.90 NOTE
r-release-linux-x86_64 0.99.18 83.53 29.37 112.90 NOTE
r-release-macos-arm64 0.99.18 NOTE
r-release-macos-x86_64 0.99.18 NOTE
r-release-windows-ix86+x86_64 0.99.18 254.00 67.00 321.00 NOTE
r-oldrel-macos-x86_64 0.99.18 NOTE
r-oldrel-windows-ix86+x86_64 0.99.18 186.00 79.00 265.00 NOTE

Check Details

Version: 0.99.18
Check: top-level files
Result: NOTE
    Found a 'configure.in' file: 'configure.ac' has long been preferred.
     Output from running autoreconf:
     aclocal: warning: autoconf input should be named 'configure.ac', not 'configure.in'
Flavors: r-devel-linux-x86_64-debian-clang, r-devel-linux-x86_64-debian-gcc, r-devel-linux-x86_64-fedora-clang, r-devel-linux-x86_64-fedora-gcc, r-patched-linux-x86_64, r-release-linux-x86_64

Version: 0.99.18
Check: top-level files
Result: NOTE
    Found a 'configure.in' file: 'configure.ac' has long been preferred.
Flavors: r-devel-windows-x86_64, r-devel-windows-x86_64-gcc10-UCRT, r-patched-solaris-x86, r-release-macos-arm64, r-release-macos-x86_64, r-release-windows-ix86+x86_64, r-oldrel-macos-x86_64, r-oldrel-windows-ix86+x86_64

Version: 0.99.18
Check: installed package size
Result: NOTE
     installed size is 8.5Mb
     sub-directories of 1Mb or more:
     libs 8.4Mb
Flavors: r-release-macos-arm64, r-release-macos-x86_64, r-release-windows-ix86+x86_64, r-oldrel-macos-x86_64, r-oldrel-windows-ix86+x86_64