Last updated on 2024-03-27 22:58:03 CET.
Flavor | Version | Tinstall | Tcheck | Ttotal | Status | Flags |
---|---|---|---|---|---|---|
r-devel-linux-x86_64-debian-clang | 1.0.8 | 11.55 | 182.44 | 193.99 | OK | |
r-devel-linux-x86_64-debian-gcc | 1.0.8 | 10.86 | 139.86 | 150.72 | OK | |
r-devel-linux-x86_64-fedora-clang | 1.0.8 | 232.63 | NOTE | |||
r-devel-linux-x86_64-fedora-gcc | 1.0.8 | 237.00 | OK | |||
r-devel-windows-x86_64 | 1.0.8 | 21.00 | 237.00 | 258.00 | NOTE | |
r-patched-linux-x86_64 | 1.0.8 | 15.37 | 181.54 | 196.91 | OK | |
r-release-linux-x86_64 | 1.0.8 | 10.80 | 175.60 | 186.40 | OK | |
r-release-macos-arm64 | 1.0.8 | 111.00 | NOTE | |||
r-release-macos-x86_64 | 1.0.8 | 212.00 | NOTE | |||
r-release-windows-x86_64 | 1.0.8 | 24.00 | 256.00 | 280.00 | NOTE | |
r-oldrel-macos-arm64 | 1.0.8 | 102.00 | NOTE | |||
r-oldrel-windows-x86_64 | 1.0.8 | 26.00 | 390.00 | 416.00 | NOTE |
Version: 1.0.8
Check: installed package size
Result: NOTE
installed size is 28.0Mb
sub-directories of 1Mb or more:
java 25.4Mb
Flavors: r-devel-linux-x86_64-fedora-clang, r-devel-windows-x86_64, r-release-macos-arm64, r-release-macos-x86_64, r-release-windows-x86_64, r-oldrel-macos-arm64, r-oldrel-windows-x86_64