CRAN Package Check Results for Package XLConnect

Last updated on 2021-06-18 22:54:50 CEST.

Flavor Version Tinstall Tcheck Ttotal Status Flags
r-devel-linux-x86_64-debian-clang 1.0.3 10.94 155.78 166.72 OK
r-devel-linux-x86_64-debian-gcc 1.0.3 9.23 121.38 130.61 OK
r-devel-linux-x86_64-fedora-clang 1.0.3 196.79 NOTE
r-devel-linux-x86_64-fedora-gcc 1.0.3 182.99 OK
r-devel-windows-x86_64 1.0.3 28.00 210.00 238.00 NOTE
r-devel-windows-x86_64-gcc10-UCRT 1.0.3 OK
r-patched-linux-x86_64 1.0.3 13.63 153.41 167.04 OK
r-release-linux-x86_64 1.0.3 11.14 152.05 163.19 OK
r-release-macos-arm64 1.0.3 ERROR
r-release-macos-x86_64 1.0.3 NOTE
r-release-windows-ix86+x86_64 1.0.3 35.00 207.00 242.00 NOTE
r-oldrel-macos-x86_64 1.0.3 NOTE
r-oldrel-windows-ix86+x86_64 1.0.3 33.00 217.00 250.00 NOTE

Check Details

Version: 1.0.3
Check: installed package size
Result: NOTE
     installed size is 36.5Mb
     sub-directories of 1Mb or more:
     java 34.2Mb
Flavors: r-devel-linux-x86_64-fedora-clang, r-devel-windows-x86_64, r-release-macos-x86_64, r-release-windows-ix86+x86_64, r-oldrel-macos-x86_64, r-oldrel-windows-ix86+x86_64

Version: 1.0.3
Check: whether package can be installed
Result: ERROR
    Installation failed.
Flavor: r-release-macos-arm64