Last updated on 2024-04-18 22:53:06 CEST.
Flavor | Version | Tinstall | Tcheck | Ttotal | Status | Flags |
---|---|---|---|---|---|---|
r-devel-linux-x86_64-debian-clang | 3.99-0.16.1 | 29.84 | 96.31 | 126.15 | OK | |
r-devel-linux-x86_64-debian-gcc | 3.99-0.16.1 | 21.19 | 71.04 | 92.23 | OK | |
r-devel-linux-x86_64-fedora-clang | 3.99-0.16.1 | 158.33 | OK | |||
r-devel-linux-x86_64-fedora-gcc | 3.99-0.16.1 | 152.83 | OK | |||
r-prerel-macos-arm64 | 3.99-0.16.1 | 47.00 | OK | |||
r-prerel-macos-x86_64 | 3.99-0.16.1 | 158.00 | OK | |||
r-prerel-windows-x86_64 | 3.99-0.16.1 | 37.00 | 116.00 | 153.00 | WARN | |
r-patched-linux-x86_64 | 3.99-0.16.1 | 26.65 | 93.90 | 120.55 | OK | |
r-release-linux-x86_64 | 3.99-0.16.1 | 27.34 | 95.44 | 122.78 | OK | |
r-release-macos-arm64 | 3.99-0.16.1 | 67.00 | OK | |||
r-release-macos-x86_64 | 3.99-0.16.1 | 169.00 | OK | |||
r-release-windows-x86_64 | 3.99-0.16.1 | 52.00 | 146.00 | 198.00 | NOTE | |
r-oldrel-macos-arm64 | 3.99-0.16.1 | 69.00 | OK | |||
r-oldrel-windows-x86_64 | 3.99-0.16.1 | 40.00 | 136.00 | 176.00 | NOTE |
Version: 3.99-0.16.1
Check: whether package can be installed
Result: WARN
Found the following significant warnings:
DocParse.c:1334:5: warning: 'xmlKeepBlanksDefault' is deprecated [-Wdeprecated-declarations]
RSDTD.c:134:7: warning: 'xmlSkipBlankChars' is deprecated [-Wdeprecated-declarations]
RSDTD.c:135:7: warning: 'xmlParseMarkupDecl' is deprecated [-Wdeprecated-declarations]
RUtils.c:142:5: warning: 'xmlSubstituteEntitiesDefault' is deprecated [-Wdeprecated-declarations]
See 'd:/Rcompile/CRANpkg/local/4.4/XML.Rcheck/00install.out' for details.
* used C compiler: 'gcc.exe (GCC) 13.2.0'
Flavor: r-prerel-windows-x86_64
Version: 3.99-0.16.1
Check: installed package size
Result: NOTE
installed size is 5.2Mb
sub-directories of 1Mb or more:
exampleData 1.3Mb
libs 2.1Mb
Flavors: r-prerel-windows-x86_64, r-release-windows-x86_64, r-oldrel-windows-x86_64