CRAN Package Check Results for Package Xplortext

Last updated on 2021-07-22 22:52:23 CEST.

Flavor Version Tinstall Tcheck Ttotal Status Flags
r-devel-linux-x86_64-debian-clang 1.4.1 18.27 129.56 147.83 OK
r-devel-linux-x86_64-debian-gcc 1.4.1 15.45 92.47 107.92 OK
r-devel-linux-x86_64-fedora-clang 1.4.1 181.60 NOTE
r-devel-linux-x86_64-fedora-gcc 1.4.1 170.50 NOTE
r-devel-windows-x86_64 1.4.1 22.00 112.00 134.00 OK
r-devel-windows-x86_64-gcc10-UCRT 1.4.1 NOTE
r-patched-linux-x86_64 1.4.1 OK
r-patched-solaris-x86 1.4.1 220.50 NOTE
r-release-linux-x86_64 1.4.1 18.91 118.32 137.23 OK
r-release-macos-arm64 1.4.1 NOTE
r-release-macos-x86_64 1.4.1 NOTE
r-release-windows-ix86+x86_64 1.4.1 36.00 108.00 144.00 OK
r-oldrel-macos-x86_64 1.4.1 NOTE
r-oldrel-windows-ix86+x86_64 1.4.1 38.00 131.00 169.00 OK

Check Details

Version: 1.4.1
Check: dependencies in R code
Result: NOTE
    Namespace in Imports field not imported from: ‘ggdendro’
     All declared Imports should be used.
Flavors: r-devel-linux-x86_64-fedora-clang, r-devel-linux-x86_64-fedora-gcc, r-devel-windows-x86_64-gcc10-UCRT, r-patched-solaris-x86, r-release-macos-arm64, r-release-macos-x86_64, r-oldrel-macos-x86_64