Last updated on 2024-04-18 22:53:06 CEST.
Flavor | Version | Tinstall | Tcheck | Ttotal | Status | Flags |
---|---|---|---|---|---|---|
r-devel-linux-x86_64-debian-clang | 1.0.1 | 301.44 | 235.12 | 536.56 | NOTE | |
r-devel-linux-x86_64-debian-gcc | 1.0.1 | 289.41 | 184.55 | 473.96 | NOTE | |
r-devel-linux-x86_64-fedora-clang | 1.0.1 | 664.80 | NOTE | |||
r-devel-linux-x86_64-fedora-gcc | 1.0.1 | 821.39 | NOTE | |||
r-prerel-macos-arm64 | 1.0.1 | 161.00 | NOTE | |||
r-prerel-windows-x86_64 | 1.0.1 | 236.00 | 196.00 | 432.00 | NOTE | |
r-patched-linux-x86_64 | 1.0.1 | 242.68 | 245.26 | 487.94 | NOTE | |
r-release-linux-x86_64 | 1.0.1 | 269.30 | 250.94 | 520.24 | NOTE | |
r-release-macos-arm64 | 1.0.1 | 166.00 | NOTE | |||
r-release-macos-x86_64 | 1.0.1 | 262.00 | NOTE | |||
r-release-windows-x86_64 | 1.0.1 | 310.00 | 242.00 | 552.00 | NOTE | |
r-oldrel-macos-arm64 | 1.0.1 | 131.00 | NOTE | |||
r-oldrel-windows-x86_64 | 1.0.1 | 291.00 | 234.00 | 525.00 | NOTE |
Version: 1.0.1
Check: for GNU extensions in Makefiles
Result: NOTE
GNU make is a SystemRequirements.
Flavors: r-devel-linux-x86_64-debian-clang, r-devel-linux-x86_64-debian-gcc, r-devel-linux-x86_64-fedora-clang, r-devel-linux-x86_64-fedora-gcc, r-prerel-macos-arm64, r-prerel-windows-x86_64, r-patched-linux-x86_64, r-release-linux-x86_64, r-release-macos-arm64, r-release-macos-x86_64, r-release-windows-x86_64, r-oldrel-macos-arm64, r-oldrel-windows-x86_64
Version: 1.0.1
Check: dependencies in R code
Result: NOTE
Namespace in Imports field not imported from: ‘rstantools’
All declared Imports should be used.
Flavors: r-devel-linux-x86_64-fedora-clang, r-devel-linux-x86_64-fedora-gcc, r-oldrel-macos-arm64
Version: 1.0.1
Check: installed package size
Result: NOTE
installed size is 53.8Mb
sub-directories of 1Mb or more:
libs 53.4Mb
Flavors: r-prerel-macos-arm64, r-release-macos-arm64, r-release-macos-x86_64, r-oldrel-macos-arm64