CRAN Package Check Results for Package ZINARp

Last updated on 2024-07-20 21:56:19 CEST.

Flavor Version Tinstall Tcheck Ttotal Status Flags
r-devel-linux-x86_64-debian-clang 0.1.0 2.42 34.48 36.90 OK
r-devel-linux-x86_64-debian-gcc 0.1.0 1.70 25.47 27.17 OK
r-devel-linux-x86_64-fedora-clang 0.1.0 47.28 NOTE
r-devel-linux-x86_64-fedora-gcc 0.1.0 44.42 NOTE
r-devel-windows-x86_64 0.1.0 4.00 46.00 50.00 OK
r-patched-linux-x86_64 0.1.0 2.12 33.85 35.97 OK
r-release-linux-x86_64 0.1.0 2.57 33.16 35.73 OK
r-release-macos-arm64 0.1.0 18.00 OK
r-release-macos-x86_64 0.1.0 28.00 OK
r-release-windows-x86_64 0.1.0 3.00 45.00 48.00 OK
r-oldrel-macos-arm64 0.1.0 19.00 OK
r-oldrel-macos-x86_64 0.1.0 26.00 OK
r-oldrel-windows-x86_64 0.1.0 4.00 48.00 52.00 OK

Check Details

Version: 0.1.0
Check: dependencies in R code
Result: NOTE Namespace in Imports field not imported from: ‘utils’ All declared Imports should be used. Flavors: r-devel-linux-x86_64-fedora-clang, r-devel-linux-x86_64-fedora-gcc