CRAN Package Check Results for Package ZipRadius

Last updated on 2021-11-30 22:54:49 CET.

Flavor Version Tinstall Tcheck Ttotal Status Flags
r-devel-linux-x86_64-debian-clang 1.0.1 5.94 53.82 59.76 NOTE
r-devel-linux-x86_64-debian-gcc 1.0.1 5.15 47.32 52.47 NOTE
r-devel-linux-x86_64-fedora-clang 1.0.1 82.34 NOTE
r-devel-linux-x86_64-fedora-gcc 1.0.1 70.04 NOTE
r-devel-windows-x86_64-new-UL 1.0.1 14.00 97.00 111.00 NOTE
r-devel-windows-x86_64-new-TK 1.0.1 NOTE
r-devel-windows-x86_64-old 1.0.1 12.00 58.00 70.00 NOTE
r-patched-linux-x86_64 1.0.1 5.03 48.50 53.53 NOTE
r-patched-solaris-x86 1.0.1 97.70 NOTE
r-release-linux-x86_64 1.0.1 5.10 49.04 54.14 NOTE
r-release-macos-arm64 1.0.1 NOTE
r-release-macos-x86_64 1.0.1 NOTE
r-release-windows-ix86+x86_64 1.0.1 14.00 70.00 84.00 NOTE
r-oldrel-macos-x86_64 1.0.1 NOTE
r-oldrel-windows-ix86+x86_64 1.0.1 11.00 54.00 65.00 NOTE

Check Details

Version: 1.0.1
Check: package vignettes
Result: NOTE
    Package vignette with placeholder title 'Vignette Title':
     'ZipRadius.Rmd'
Flavors: r-devel-linux-x86_64-debian-clang, r-devel-linux-x86_64-debian-gcc, r-devel-windows-x86_64-new-UL, r-devel-windows-x86_64-old, r-patched-linux-x86_64, r-release-linux-x86_64, r-release-windows-ix86+x86_64, r-oldrel-windows-ix86+x86_64

Version: 1.0.1
Check: dependencies in R code
Result: NOTE
    Namespaces in Imports field not imported from:
     ‘ggplot2’ ‘testthat’
     All declared Imports should be used.
Flavors: r-devel-linux-x86_64-fedora-clang, r-devel-linux-x86_64-fedora-gcc, r-devel-windows-x86_64-new-TK, r-patched-solaris-x86, r-release-macos-arm64, r-release-macos-x86_64, r-oldrel-macos-x86_64