CRAN Package Check Results for Package Zseq

Last updated on 2021-07-31 22:53:56 CEST.

Flavor Version Tinstall Tcheck Ttotal Status Flags
r-devel-linux-x86_64-debian-clang 0.2.0 4.00 31.48 35.48 NOTE
r-devel-linux-x86_64-debian-gcc 0.2.0 2.76 24.64 27.40 NOTE
r-devel-linux-x86_64-fedora-clang 0.2.0 50.98 NOTE
r-devel-linux-x86_64-fedora-gcc 0.2.0 40.14 NOTE
r-devel-windows-x86_64 0.2.0 7.00 50.00 57.00 NOTE
r-devel-windows-x86_64-gcc10-UCRT 0.2.0 NOTE
r-patched-linux-x86_64 0.2.0 NOTE
r-patched-solaris-x86 0.2.0 58.20 NOTE
r-release-linux-x86_64 0.2.0 3.07 30.73 33.80 NOTE
r-release-macos-arm64 0.2.0 NOTE
r-release-macos-x86_64 0.2.0 NOTE
r-release-windows-ix86+x86_64 0.2.0 8.00 38.00 46.00 NOTE
r-oldrel-macos-x86_64 0.2.0 OK
r-oldrel-windows-ix86+x86_64 0.2.0 6.00 50.00 56.00 OK

Check Details

Version: 0.2.0
Check: LazyData
Result: NOTE
     'LazyData' is specified without a 'data' directory
Flavors: r-devel-linux-x86_64-debian-clang, r-devel-linux-x86_64-debian-gcc, r-devel-linux-x86_64-fedora-clang, r-devel-linux-x86_64-fedora-gcc, r-devel-windows-x86_64, r-devel-windows-x86_64-gcc10-UCRT, r-patched-linux-x86_64, r-patched-solaris-x86, r-release-linux-x86_64, r-release-macos-arm64, r-release-macos-x86_64, r-release-windows-ix86+x86_64