CRAN Package Check Results for Package actel

Last updated on 2023-09-26 23:04:06 CEST.

Flavor Version Tinstall Tcheck Ttotal Status Flags
r-devel-linux-x86_64-debian-clang 1.2.1 21.63 215.23 236.86 NOTE
r-devel-linux-x86_64-debian-gcc 1.2.1 17.52 155.99 173.51 NOTE
r-devel-linux-x86_64-fedora-clang 1.2.1 309.77 NOTE
r-devel-linux-x86_64-fedora-gcc 1.2.1 310.98 NOTE
r-devel-windows-x86_64 1.2.1 20.00 201.00 221.00 NOTE
r-patched-linux-x86_64 1.2.1 16.78 205.80 222.58 NOTE
r-release-linux-x86_64 1.2.1 14.29 204.26 218.55 NOTE
r-release-macos-arm64 1.2.1 106.00 NOTE
r-release-macos-x86_64 1.2.1 150.00 NOTE
r-release-windows-x86_64 1.2.1 26.00 241.00 267.00 NOTE
r-oldrel-macos-arm64 1.2.1 77.00 NOTE
r-oldrel-macos-x86_64 1.2.1 136.00 NOTE
r-oldrel-windows-x86_64 1.2.1 30.00 218.00 248.00 NOTE

Check Details

Version: 1.2.1
Check: package dependencies
Result: NOTE
    Packages suggested but not available for checking:
     'RGtk2', 'gWidgets2RGtk2'
Flavors: r-devel-linux-x86_64-debian-clang, r-devel-linux-x86_64-debian-gcc, r-devel-linux-x86_64-fedora-clang, r-devel-linux-x86_64-fedora-gcc, r-devel-windows-x86_64, r-patched-linux-x86_64, r-release-linux-x86_64, r-release-macos-arm64, r-release-windows-x86_64, r-oldrel-macos-arm64, r-oldrel-macos-x86_64

Version: 1.2.1
Check: Rd \usage sections
Result: NOTE
    Documented arguments not in \usage in documentation object 'checkDupSignals':
     ‘tag.list’
    
    Documented arguments not in \usage in documentation object 'collectStrays':
     ‘restart’
    
    Documented arguments not in \usage in documentation object 'findSecondsPerSection':
     ‘start.time’
    
    Documented arguments not in \usage in documentation object 'printExploreRmd':
     ‘valid.detectiosn’
    
    Documented arguments not in \usage in documentation object 'printLastArray':
     ‘input’ ‘sections’
    
    Documented arguments not in \usage in documentation object 'transformSpatial':
     ‘file’
    
    Functions with \usage entries need to have the appropriate \alias
    entries, and all their arguments documented.
    The \usage entries must correspond to syntactically valid R code.
    See chapter ‘Writing R documentation files’ in the ‘Writing R
    Extensions’ manual.
Flavors: r-devel-linux-x86_64-debian-clang, r-devel-linux-x86_64-debian-gcc, r-devel-linux-x86_64-fedora-clang, r-devel-linux-x86_64-fedora-gcc, r-devel-windows-x86_64

Version: 1.2.1
Check: installed package size
Result: NOTE
     installed size is 5.1Mb
     sub-directories of 1Mb or more:
     doc 3.7Mb
Flavors: r-devel-linux-x86_64-fedora-clang, r-release-macos-arm64, r-release-macos-x86_64, r-oldrel-macos-arm64, r-oldrel-macos-x86_64

Version: 1.2.1
Check: dependencies in R code
Result: NOTE
    Namespace in Imports field not imported from: ‘svglite’
     All declared Imports should be used.
Flavors: r-devel-linux-x86_64-fedora-clang, r-devel-linux-x86_64-fedora-gcc, r-oldrel-macos-arm64, r-oldrel-macos-x86_64

Version: 1.2.1
Check: package dependencies
Result: NOTE
    Packages suggested but not available for checking:
     'raster', 'gdistance', 'rgdal', 'RGtk2', 'gWidgets2RGtk2'
Flavor: r-release-macos-x86_64

Version: 1.2.1
Check: package dependencies
Result: NOTE
    Package suggested but not available for checking: 'RGtk2'
Flavor: r-oldrel-windows-x86_64