CRAN Package Check Results for Package actogrammr

Last updated on 2021-12-02 22:55:44 CET.

Flavor Version Tinstall Tcheck Ttotal Status Flags
r-devel-linux-x86_64-debian-clang 0.2.3 4.52 124.68 129.20 NOTE
r-devel-linux-x86_64-debian-gcc 0.2.3 3.28 88.21 91.49 NOTE
r-devel-linux-x86_64-fedora-clang 0.2.3 160.56 NOTE
r-devel-linux-x86_64-fedora-gcc 0.2.3 148.23 NOTE
r-devel-windows-x86_64-new-UL 0.2.3 10.00 162.00 172.00 NOTE
r-devel-windows-x86_64-new-TK 0.2.3 NOTE
r-devel-windows-x86_64-old 0.2.3 10.00 109.00 119.00 NOTE
r-patched-linux-x86_64 0.2.3 4.12 115.68 119.80 NOTE
r-patched-solaris-x86 0.2.3 216.20 NOTE
r-release-linux-x86_64 0.2.3 3.43 116.50 119.93 NOTE
r-release-macos-arm64 0.2.3 NOTE
r-release-macos-x86_64 0.2.3 NOTE
r-release-windows-ix86+x86_64 0.2.3 11.00 152.00 163.00 NOTE
r-oldrel-macos-x86_64 0.2.3 OK
r-oldrel-windows-ix86+x86_64 0.2.3 12.00 155.00 167.00 OK

Check Details

Version: 0.2.3
Check: LazyData
Result: NOTE
     'LazyData' is specified without a 'data' directory
Flavors: r-devel-linux-x86_64-debian-clang, r-devel-linux-x86_64-debian-gcc, r-devel-linux-x86_64-fedora-clang, r-devel-linux-x86_64-fedora-gcc, r-devel-windows-x86_64-new-UL, r-devel-windows-x86_64-new-TK, r-devel-windows-x86_64-old, r-patched-linux-x86_64, r-patched-solaris-x86, r-release-linux-x86_64, r-release-macos-arm64, r-release-macos-x86_64, r-release-windows-ix86+x86_64

Version: 0.2.3
Check: package dependencies
Result: NOTE
    Package suggested but not available for checking: ‘testthat’
Flavor: r-release-macos-x86_64