Last updated on 2024-04-19 22:55:38 CEST.
Flavor | Version | Tinstall | Tcheck | Ttotal | Status | Flags |
---|---|---|---|---|---|---|
r-devel-linux-x86_64-debian-clang | 1.1.1 | 3.08 | 36.23 | 39.31 | NOTE | |
r-devel-linux-x86_64-debian-gcc | 1.1.1 | NOTE | ||||
r-devel-linux-x86_64-fedora-clang | 1.1.1 | 50.88 | NOTE | |||
r-devel-linux-x86_64-fedora-gcc | 1.1.1 | 62.84 | NOTE | |||
r-prerel-macos-arm64 | 1.1.1 | 26.00 | NOTE | |||
r-prerel-windows-x86_64 | 1.1.1 | 4.00 | 53.00 | 57.00 | NOTE | |
r-patched-linux-x86_64 | 1.1.1 | 3.28 | 35.97 | 39.25 | NOTE | |
r-release-linux-x86_64 | 1.1.1 | 3.05 | 34.31 | 37.36 | NOTE | |
r-release-macos-arm64 | 1.1.1 | 26.00 | NOTE | |||
r-release-macos-x86_64 | 1.1.1 | 36.00 | NOTE | |||
r-release-windows-x86_64 | 1.1.1 | 4.00 | 54.00 | 58.00 | NOTE | |
r-oldrel-macos-arm64 | 1.1.1 | 20.00 | NOTE | |||
r-oldrel-windows-x86_64 | 1.1.1 | 5.00 | 61.00 | 66.00 | NOTE |
Version: 1.1.1
Check: LazyData
Result: NOTE
'LazyData' is specified without a 'data' directory
Flavors: r-devel-linux-x86_64-debian-clang, r-devel-linux-x86_64-debian-gcc, r-devel-linux-x86_64-fedora-clang, r-devel-linux-x86_64-fedora-gcc, r-prerel-macos-arm64, r-prerel-windows-x86_64, r-patched-linux-x86_64, r-release-linux-x86_64, r-release-macos-arm64, r-release-macos-x86_64, r-release-windows-x86_64, r-oldrel-macos-arm64, r-oldrel-windows-x86_64