CRAN Package Check Results for Package adamethods

Last updated on 2024-06-13 22:49:18 CEST.

Flavor Version Tinstall Tcheck Ttotal Status Flags
r-devel-linux-x86_64-debian-clang 1.2.1 14.99 124.95 139.94 NOTE
r-devel-linux-x86_64-debian-gcc 1.2.1 0.42 1.61 2.03 ERROR
r-devel-linux-x86_64-fedora-clang 1.2.1 171.28 NOTE
r-devel-linux-x86_64-fedora-gcc 1.2.1 158.60 NOTE
r-devel-windows-x86_64 1.2.1 14.00 111.00 125.00 NOTE
r-patched-linux-x86_64 1.2.1 10.55 116.84 127.39 NOTE
r-release-linux-x86_64 1.2.1 10.49 116.56 127.05 NOTE
r-release-macos-arm64 1.2.1 45.00 NOTE
r-release-macos-x86_64 1.2.1 66.00 NOTE
r-release-windows-x86_64 1.2.1 15.00 114.00 129.00 NOTE
r-oldrel-macos-arm64 1.2.1 47.00 NOTE
r-oldrel-macos-x86_64 1.2.1 72.00 NOTE
r-oldrel-windows-x86_64 1.2.1 19.00 140.00 159.00 NOTE

Check Details

Version: 1.2.1
Check: LazyData
Result: NOTE 'LazyData' is specified without a 'data' directory Flavors: r-devel-linux-x86_64-debian-clang, r-devel-linux-x86_64-fedora-clang, r-devel-linux-x86_64-fedora-gcc, r-devel-windows-x86_64, r-patched-linux-x86_64, r-release-linux-x86_64, r-release-macos-arm64, r-release-macos-x86_64, r-release-windows-x86_64, r-oldrel-macos-arm64, r-oldrel-macos-x86_64, r-oldrel-windows-x86_64

Version: 1.2.1
Check: package dependencies
Result: ERROR Packages required but not available: 'Anthropometry', 'tolerance', 'univOutl' Package suggested but not available for checking: ‘fda’ See section ‘The DESCRIPTION file’ in the ‘Writing R Extensions’ manual. Flavor: r-devel-linux-x86_64-debian-gcc