Last updated on 2023-10-04 00:01:40 CEST.
Flavor | Version | Tinstall | Tcheck | Ttotal | Status | Flags |
---|---|---|---|---|---|---|
r-devel-linux-x86_64-debian-clang | 1.2.1 | 15.94 | 121.28 | 137.22 | NOTE | |
r-devel-linux-x86_64-debian-gcc | 1.2.1 | 12.85 | 89.57 | 102.42 | NOTE | |
r-devel-linux-x86_64-fedora-clang | 1.2.1 | 163.36 | NOTE | |||
r-devel-linux-x86_64-fedora-gcc | 1.2.1 | 157.80 | NOTE | |||
r-devel-windows-x86_64 | 1.2.1 | 15.00 | 113.00 | 128.00 | NOTE | |
r-patched-linux-x86_64 | 1.2.1 | 14.67 | 117.57 | 132.24 | NOTE | |
r-release-linux-x86_64 | 1.2.1 | 12.81 | 117.72 | 130.53 | NOTE | |
r-release-macos-arm64 | 1.2.1 | 47.00 | NOTE | |||
r-release-macos-x86_64 | 1.2.1 | 72.00 | NOTE | |||
r-release-windows-x86_64 | 1.2.1 | 19.00 | 137.00 | 156.00 | NOTE | |
r-oldrel-macos-arm64 | 1.2.1 | 57.00 | NOTE | |||
r-oldrel-macos-x86_64 | 1.2.1 | 106.00 | NOTE | |||
r-oldrel-windows-x86_64 | 1.2.1 | 19.00 | 131.00 | 150.00 | NOTE |
Version: 1.2.1
Check: LazyData
Result: NOTE
'LazyData' is specified without a 'data' directory
Flavors: r-devel-linux-x86_64-debian-clang, r-devel-linux-x86_64-debian-gcc, r-devel-linux-x86_64-fedora-clang, r-devel-linux-x86_64-fedora-gcc, r-devel-windows-x86_64, r-patched-linux-x86_64, r-release-linux-x86_64, r-release-macos-arm64, r-release-macos-x86_64, r-release-windows-x86_64, r-oldrel-macos-arm64, r-oldrel-macos-x86_64, r-oldrel-windows-x86_64