Last updated on 2019-12-11 22:51:00 CET.
Flavor | Version | Tinstall | Tcheck | Ttotal | Status | Flags |
---|---|---|---|---|---|---|
r-devel-linux-x86_64-debian-clang | 2.0.0 | 8.71 | 49.93 | 58.64 | NOTE | |
r-devel-linux-x86_64-debian-gcc | 2.0.0 | 7.68 | 38.13 | 45.81 | NOTE | |
r-devel-linux-x86_64-fedora-clang | 2.0.0 | 69.39 | NOTE | |||
r-devel-linux-x86_64-fedora-gcc | 2.0.0 | 66.91 | NOTE | |||
r-devel-windows-ix86+x86_64 | 2.0.0 | 20.00 | 103.00 | 123.00 | NOTE | |
r-devel-windows-ix86+x86_64-gcc8 | 2.0.0 | 33.00 | 90.00 | 123.00 | NOTE | |
r-patched-linux-x86_64 | 2.0.0 | 8.33 | 45.93 | 54.26 | NOTE | |
r-patched-solaris-x86 | 2.0.0 | 85.40 | NOTE | |||
r-release-linux-x86_64 | 2.0.0 | 6.86 | 45.04 | 51.90 | NOTE | |
r-release-windows-ix86+x86_64 | 2.0.0 | 18.00 | 67.00 | 85.00 | NOTE | |
r-release-osx-x86_64 | 2.0.0 | NOTE | ||||
r-oldrel-windows-ix86+x86_64 | 2.0.0 | 15.00 | 61.00 | 76.00 | NOTE | |
r-oldrel-osx-x86_64 | 2.0.0 | NOTE |
Version: 2.0.0
Check: dependencies in R code
Result: NOTE
Missing or unexported object: 'devtools::clean_source'
Flavors: r-devel-linux-x86_64-debian-clang, r-devel-linux-x86_64-debian-gcc, r-devel-windows-ix86+x86_64, r-devel-windows-ix86+x86_64-gcc8, r-patched-linux-x86_64, r-release-linux-x86_64, r-release-windows-ix86+x86_64, r-oldrel-windows-ix86+x86_64
Version: 2.0.0
Check: dependencies in R code
Result: NOTE
Namespaces in Imports field not imported from:
‘plotly’ ‘shinydashboard’
All declared Imports should be used.
Missing or unexported object: ‘devtools::clean_source’
Flavors: r-devel-linux-x86_64-fedora-clang, r-devel-linux-x86_64-fedora-gcc, r-patched-solaris-x86, r-release-osx-x86_64
Version: 2.0.0
Check: dependencies in R code
Result: NOTE
Namespaces in Imports field not imported from:
‘plotly’ ‘shinydashboard’
All declared Imports should be used.
Flavor: r-oldrel-osx-x86_64