CRAN Package Check Results for Package adaptIVPT

Last updated on 2023-09-25 22:12:32 CEST.

Flavor Version Tinstall Tcheck Ttotal Status Flags
r-devel-linux-x86_64-debian-clang 1.0.0 33.46 40.78 74.24 NOTE
r-devel-linux-x86_64-debian-gcc 1.0.0 23.03 31.08 54.11 NOTE
r-devel-linux-x86_64-fedora-clang 1.0.0 104.71 NOTE
r-devel-linux-x86_64-fedora-gcc 1.0.0 101.27 NOTE
r-devel-windows-x86_64 1.0.0 30.00 71.00 101.00 NOTE
r-patched-linux-x86_64 1.0.0 21.45 39.76 61.21 NOTE
r-release-linux-x86_64 1.0.0 22.87 39.17 62.04 NOTE
r-release-macos-arm64 1.0.0 33.00 NOTE
r-release-macos-x86_64 1.0.0 41.00 NOTE
r-release-windows-x86_64 1.0.0 37.00 78.00 115.00 NOTE
r-oldrel-macos-arm64 1.0.0 36.00 OK
r-oldrel-macos-x86_64 1.0.0 39.00 OK
r-oldrel-windows-x86_64 1.0.0 35.00 78.00 113.00 OK

Check Details

Version: 1.0.0
Check: C++ specification
Result: NOTE
     Specified C++11: please drop specification unless essential
Flavors: r-devel-linux-x86_64-debian-clang, r-devel-linux-x86_64-debian-gcc, r-devel-linux-x86_64-fedora-clang, r-devel-linux-x86_64-fedora-gcc, r-devel-windows-x86_64, r-patched-linux-x86_64, r-release-linux-x86_64, r-release-macos-arm64, r-release-macos-x86_64, r-release-windows-x86_64