CRAN Package Check Results for Package adaptMCMC

Last updated on 2021-09-18 23:49:45 CEST.

Flavor Version Tinstall Tcheck Ttotal Status Flags
r-devel-linux-x86_64-debian-clang 1.4 6.12 59.47 65.59 OK
r-devel-linux-x86_64-debian-gcc 1.4 5.68 46.18 51.86 OK
r-devel-linux-x86_64-fedora-clang 1.4 89.09 NOTE
r-devel-linux-x86_64-fedora-gcc 1.4 76.63 OK
r-devel-windows-x86_64 1.4 8.00 72.00 80.00 OK
r-devel-windows-x86_64-gcc10-UCRT 1.4 OK
r-patched-linux-x86_64 1.4 6.43 57.66 64.09 OK
r-patched-solaris-x86 1.4 126.90 OK
r-release-linux-x86_64 1.4 6.63 57.29 63.92 OK
r-release-macos-arm64 1.4 OK
r-release-macos-x86_64 1.4 OK
r-release-windows-ix86+x86_64 1.4 16.00 84.00 100.00 OK
r-oldrel-macos-x86_64 1.4 OK
r-oldrel-windows-ix86+x86_64 1.4 16.00 59.00 75.00 OK

Check Details

Version: 1.4
Check: Rd cross-references
Result: NOTE
    Undeclared packages ‘HI’, ‘MHadaptive’ in Rd xrefs
Flavor: r-devel-linux-x86_64-fedora-clang