Last updated on 2023-09-25 22:12:32 CEST.
Flavor | Version | Tinstall | Tcheck | Ttotal | Status | Flags |
---|---|---|---|---|---|---|
r-devel-linux-x86_64-debian-clang | 0.1.3 | 33.00 | 321.68 | 354.68 | OK | |
r-devel-linux-x86_64-debian-gcc | 0.1.3 | 25.52 | 241.56 | 267.08 | OK | |
r-devel-linux-x86_64-fedora-clang | 0.1.3 | 424.73 | OK | |||
r-devel-linux-x86_64-fedora-gcc | 0.1.3 | 455.44 | OK | |||
r-devel-windows-x86_64 | 0.1.3 | 26.00 | 220.00 | 246.00 | OK | |
r-patched-linux-x86_64 | 0.1.3 | 20.54 | 305.50 | 326.04 | OK | |
r-release-linux-x86_64 | 0.1.3 | 20.68 | 304.83 | 325.51 | OK | |
r-release-macos-arm64 | 0.1.3 | 6.00 | ERROR | |||
r-release-macos-x86_64 | 0.1.3 | 6.00 | ERROR | |||
r-release-windows-x86_64 | 0.1.3 | 36.00 | 288.00 | 324.00 | OK | |
r-oldrel-macos-arm64 | 0.1.3 | 117.00 | OK | |||
r-oldrel-macos-x86_64 | 0.1.3 | 162.00 | OK | |||
r-oldrel-windows-x86_64 | 0.1.3 | 37.00 | 283.00 | 320.00 | OK |
Version: 0.1.3
Check: package dependencies
Result: ERROR
Package required but not available: ‘phyloseq’
See section ‘The DESCRIPTION file’ in the ‘Writing R Extensions’
manual.
Flavors: r-release-macos-arm64, r-release-macos-x86_64