CRAN Package Check Results for Package add2ggplot

Last updated on 2021-11-30 22:54:23 CET.

Flavor Version Tinstall Tcheck Ttotal Status Flags
r-devel-linux-x86_64-debian-clang 0.3.0 5.12 54.70 59.82 NOTE
r-devel-linux-x86_64-debian-gcc 0.3.0 3.81 45.65 49.46 NOTE
r-devel-linux-x86_64-fedora-clang 0.3.0 83.65 NOTE
r-devel-linux-x86_64-fedora-gcc 0.3.0 67.14 NOTE
r-devel-windows-x86_64-new-UL 0.3.0 18.00 97.00 115.00 NOTE
r-devel-windows-x86_64-new-TK 0.3.0 NOTE
r-devel-windows-x86_64-old 0.3.0 9.00 56.00 65.00 NOTE
r-patched-linux-x86_64 0.3.0 5.01 48.71 53.72 NOTE
r-patched-solaris-x86 0.3.0 97.40 NOTE
r-release-linux-x86_64 0.3.0 4.66 48.64 53.30 NOTE
r-release-macos-arm64 0.3.0 NOTE
r-release-macos-x86_64 0.3.0 NOTE
r-release-windows-ix86+x86_64 0.3.0 17.00 69.00 86.00 NOTE
r-oldrel-macos-x86_64 0.3.0 OK
r-oldrel-windows-ix86+x86_64 0.3.0 10.00 53.00 63.00 OK

Check Details

Version: 0.3.0
Check: LazyData
Result: NOTE
     'LazyData' is specified without a 'data' directory
Flavors: r-devel-linux-x86_64-debian-clang, r-devel-linux-x86_64-debian-gcc, r-devel-linux-x86_64-fedora-clang, r-devel-linux-x86_64-fedora-gcc, r-devel-windows-x86_64-new-UL, r-devel-windows-x86_64-new-TK, r-devel-windows-x86_64-old, r-patched-linux-x86_64, r-patched-solaris-x86, r-release-linux-x86_64, r-release-macos-arm64, r-release-macos-x86_64, r-release-windows-ix86+x86_64