CRAN Package Check Results for Package addinsOutline

Last updated on 2021-05-06 22:55:11 CEST.

Flavor Version Tinstall Tcheck Ttotal Status Flags
r-devel-linux-x86_64-debian-clang 0.1.6 7.50 62.71 70.21 NOTE
r-devel-linux-x86_64-debian-gcc 0.1.6 6.13 46.96 53.09 NOTE
r-devel-linux-x86_64-fedora-clang 0.1.6 93.89 NOTE
r-devel-linux-x86_64-fedora-gcc 0.1.6 82.52 NOTE
r-devel-windows-ix86+x86_64 0.1.6 18.00 77.00 95.00 NOTE
r-devel-windows-x86_64-gcc10-UCRT 0.1.6 NOTE
r-patched-linux-x86_64 0.1.6 6.32 59.75 66.07 NOTE
r-patched-solaris-x86 0.1.6 122.00 OK
r-release-linux-x86_64 0.1.6 6.13 58.26 64.39 OK
r-release-macos-x86_64 0.1.6 OK
r-release-windows-ix86+x86_64 0.1.6 15.00 65.00 80.00 OK
r-oldrel-macos-x86_64 0.1.6 OK
r-oldrel-windows-ix86+x86_64 0.1.6 15.00 78.00 93.00 OK

Check Details

Version: 0.1.6
Check: LazyData
Result: NOTE
     'LazyData' is specified without a 'data' directory
Flavors: r-devel-linux-x86_64-debian-clang, r-devel-linux-x86_64-debian-gcc, r-devel-linux-x86_64-fedora-clang, r-devel-linux-x86_64-fedora-gcc, r-devel-windows-ix86+x86_64, r-devel-windows-x86_64-gcc10-UCRT, r-patched-linux-x86_64