CRAN Package Check Results for Package addinsOutline

Last updated on 2024-02-23 23:09:59 CET.

Flavor Version Tinstall Tcheck Ttotal Status Flags
r-devel-linux-x86_64-debian-clang 0.1.6 NOTE
r-devel-linux-x86_64-debian-gcc 0.1.6 6.73 49.35 56.08 NOTE
r-devel-linux-x86_64-fedora-clang 0.1.6 89.15 NOTE
r-devel-linux-x86_64-fedora-gcc 0.1.6 96.84 NOTE
r-devel-windows-x86_64 0.1.6 8.00 67.00 75.00 NOTE
r-patched-linux-x86_64 0.1.6 6.33 63.01 69.34 NOTE
r-release-linux-x86_64 0.1.6 5.59 61.47 67.06 NOTE
r-release-macos-arm64 0.1.6 38.00 NOTE
r-release-macos-x86_64 0.1.6 53.00 NOTE
r-release-windows-x86_64 0.1.6 11.00 85.00 96.00 NOTE
r-oldrel-macos-arm64 0.1.6 30.00 NOTE
r-oldrel-windows-x86_64 0.1.6 11.00 92.00 103.00 NOTE

Check Details

Version: 0.1.6
Check: LazyData
Result: NOTE 'LazyData' is specified without a 'data' directory Flavors: r-devel-linux-x86_64-debian-clang, r-devel-linux-x86_64-debian-gcc, r-devel-linux-x86_64-fedora-clang, r-devel-linux-x86_64-fedora-gcc, r-devel-windows-x86_64, r-patched-linux-x86_64, r-release-linux-x86_64, r-release-macos-arm64, r-release-macos-x86_64, r-release-windows-x86_64, r-oldrel-macos-arm64, r-oldrel-windows-x86_64