CRAN Package Check Results for Package adegenet

Last updated on 2019-08-18 22:46:50 CEST.

Flavor Version Tinstall Tcheck Ttotal Status Flags
r-devel-linux-x86_64-debian-clang 2.1.1 31.20 181.04 212.24 NOTE
r-devel-linux-x86_64-debian-gcc 2.1.1 25.87 140.53 166.40 NOTE
r-devel-linux-x86_64-fedora-clang 2.1.1 252.65 NOTE
r-devel-linux-x86_64-fedora-gcc 2.1.1 251.21 NOTE
r-devel-windows-ix86+x86_64 2.1.1 81.00 370.00 451.00 OK
r-patched-linux-x86_64 2.1.1 28.92 177.75 206.67 OK
r-patched-solaris-x86 2.1.1 387.40 NOTE
r-release-linux-x86_64 2.1.1 28.03 177.83 205.86 OK
r-release-windows-ix86+x86_64 2.1.1 53.00 256.00 309.00 OK
r-release-osx-x86_64 2.1.1 OK
r-oldrel-windows-ix86+x86_64 2.1.1 72.00 335.00 407.00 OK
r-oldrel-osx-x86_64 2.1.1 OK

Check Details

Version: 2.1.1
Check: for non-standard things in the check directory
Result: NOTE
    Found the following files/directories:
     'mvMapper_Data.csv'
Flavors: r-devel-linux-x86_64-debian-clang, r-devel-linux-x86_64-debian-gcc, r-devel-linux-x86_64-fedora-clang, r-devel-linux-x86_64-fedora-gcc

Version: 2.1.1
Check: installed package size
Result: NOTE
     installed size is 5.4Mb
     sub-directories of 1Mb or more:
     R 1.4Mb
     data 1.3Mb
     files 1.9Mb
Flavor: r-patched-solaris-x86