CRAN Package Check Results for Package adegenet

Last updated on 2019-12-11 22:51:00 CET.

Flavor Version Tinstall Tcheck Ttotal Status Flags
r-devel-linux-x86_64-debian-clang 2.1.1 33.13 201.58 234.71 NOTE
r-devel-linux-x86_64-debian-gcc 2.1.1 26.36 156.01 182.37 NOTE
r-devel-linux-x86_64-fedora-clang 2.1.1 274.90 NOTE
r-devel-linux-x86_64-fedora-gcc 2.1.1 281.13 NOTE
r-devel-windows-ix86+x86_64 2.1.1 55.00 443.00 498.00 OK
r-devel-windows-ix86+x86_64-gcc8 2.1.1 68.00 406.00 474.00 OK
r-patched-linux-x86_64 2.1.1 27.91 177.23 205.14 OK
r-patched-solaris-x86 2.1.1 378.00 NOTE
r-release-linux-x86_64 2.1.1 27.99 177.57 205.56 OK
r-release-windows-ix86+x86_64 2.1.1 52.00 262.00 314.00 OK
r-release-osx-x86_64 2.1.1 OK
r-oldrel-windows-ix86+x86_64 2.1.1 40.00 214.00 254.00 OK
r-oldrel-osx-x86_64 2.1.1 OK

Check Details

Version: 2.1.1
Check: for non-standard things in the check directory
Result: NOTE
    Found the following files/directories:
     'mvMapper_Data.csv'
Flavors: r-devel-linux-x86_64-debian-clang, r-devel-linux-x86_64-debian-gcc, r-devel-linux-x86_64-fedora-clang, r-devel-linux-x86_64-fedora-gcc

Version: 2.1.1
Check: installed package size
Result: NOTE
     installed size is 5.4Mb
     sub-directories of 1Mb or more:
     R 1.4Mb
     data 1.3Mb
     files 1.9Mb
Flavor: r-patched-solaris-x86