CRAN Package Check Results for Package adehabitatMA

Last updated on 2022-01-25 22:56:49 CET.

Flavor Version Tinstall Tcheck Ttotal Status Flags
r-devel-linux-x86_64-debian-clang 0.3.14 6.91 68.67 75.58 OK
r-devel-linux-x86_64-debian-gcc 0.3.14 6.59 57.49 64.08 OK
r-devel-linux-x86_64-fedora-clang 0.3.14 96.63 NOTE
r-devel-linux-x86_64-fedora-gcc 0.3.14 88.69 NOTE
r-devel-windows-x86_64-new-UL 0.3.14 138.00 112.00 250.00 OK
r-devel-windows-x86_64-new-TK 0.3.14 NOTE
r-patched-linux-x86_64 0.3.14 8.60 65.20 73.80 OK
r-release-linux-x86_64 0.3.14 7.40 64.81 72.21 OK
r-release-macos-arm64 0.3.14 NOTE
r-release-macos-x86_64 0.3.14 NOTE
r-release-windows-ix86+x86_64 0.3.14 21.00 110.00 131.00 OK
r-oldrel-macos-x86_64 0.3.14 NOTE
r-oldrel-windows-ix86+x86_64 0.3.14 21.00 107.00 128.00 OK

Check Details

Version: 0.3.14
Check: dependencies in R code
Result: NOTE
    Namespace in Imports field not imported from: ‘filehash’
     All declared Imports should be used.
Flavors: r-devel-linux-x86_64-fedora-clang, r-devel-linux-x86_64-fedora-gcc, r-devel-windows-x86_64-new-TK, r-release-macos-arm64, r-release-macos-x86_64, r-oldrel-macos-x86_64