CRAN Package Check Results for Package adehabitatMA

Last updated on 2021-06-19 22:56:20 CEST.

Flavor Version Tinstall Tcheck Ttotal Status Flags
r-devel-linux-x86_64-debian-clang 0.3.14 8.70 60.88 69.58 OK
r-devel-linux-x86_64-debian-gcc 0.3.14 6.42 47.24 53.66 OK
r-devel-linux-x86_64-fedora-clang 0.3.14 92.90 NOTE
r-devel-linux-x86_64-fedora-gcc 0.3.14 81.34 NOTE
r-devel-windows-x86_64 0.3.14 16.00 87.00 103.00 OK
r-devel-windows-x86_64-gcc10-UCRT 0.3.14 NOTE
r-patched-linux-x86_64 0.3.14 7.88 59.15 67.03 OK
r-patched-solaris-x86 0.3.14 119.00 NOTE
r-release-linux-x86_64 0.3.14 7.03 59.41 66.44 OK
r-release-macos-arm64 0.3.14 NOTE
r-release-macos-x86_64 0.3.14 NOTE
r-release-windows-ix86+x86_64 0.3.14 20.00 104.00 124.00 OK
r-oldrel-macos-x86_64 0.3.14 NOTE
r-oldrel-windows-ix86+x86_64 0.3.14 15.00 106.00 121.00 OK

Check Details

Version: 0.3.14
Check: dependencies in R code
Result: NOTE
    Namespace in Imports field not imported from: ‘filehash’
     All declared Imports should be used.
Flavors: r-devel-linux-x86_64-fedora-clang, r-devel-linux-x86_64-fedora-gcc, r-devel-windows-x86_64-gcc10-UCRT, r-patched-solaris-x86, r-release-macos-arm64, r-release-macos-x86_64, r-oldrel-macos-x86_64