CRAN Package Check Results for Package adept

Last updated on 2019-09-22 22:46:41 CEST.

Flavor Version Tinstall Tcheck Ttotal Status Flags
r-devel-linux-x86_64-debian-clang 1.1.2 9.75 356.12 365.87 OK
r-devel-linux-x86_64-debian-gcc 1.1.2 8.54 230.75 239.29 OK
r-devel-linux-x86_64-fedora-clang 1.1.2 437.64 NOTE
r-devel-linux-x86_64-fedora-gcc 1.1.2 373.65 NOTE
r-devel-windows-ix86+x86_64 1.1.2 46.00 103.00 149.00 NOTE --no-vignettes
r-patched-linux-x86_64 1.1.2 9.40 288.20 297.60 OK
r-patched-solaris-x86 1.1.2 842.50 NOTE
r-release-linux-x86_64 1.1.2 10.02 301.40 311.42 OK
r-release-windows-ix86+x86_64 1.1.2 34.00 165.00 199.00 NOTE --no-vignettes
r-release-osx-x86_64 1.1.2 NOTE
r-oldrel-windows-ix86+x86_64 1.1.2 12.00 155.00 167.00 NOTE --no-vignettes
r-oldrel-osx-x86_64 1.1.2 NOTE

Check Details

Version: 1.1.2
Check: installed package size
Result: NOTE
     installed size is 5.5Mb
     sub-directories of 1Mb or more:
     doc 4.7Mb
Flavors: r-devel-linux-x86_64-fedora-clang, r-patched-solaris-x86, r-release-osx-x86_64, r-oldrel-osx-x86_64

Version: 1.1.2
Check: dependencies in R code
Result: NOTE
    Namespace in Imports field not imported from: ‘tibble’
     All declared Imports should be used.
Flavors: r-devel-linux-x86_64-fedora-clang, r-devel-linux-x86_64-fedora-gcc, r-patched-solaris-x86, r-release-osx-x86_64, r-oldrel-osx-x86_64

Version: 1.1.2
Flags: --no-vignettes
Check: installed package size
Result: NOTE
     installed size is 5.5Mb
     sub-directories of 1Mb or more:
     doc 4.7Mb
Flavors: r-devel-windows-ix86+x86_64, r-release-windows-ix86+x86_64, r-oldrel-windows-ix86+x86_64