Last updated on 2023-09-30 22:59:00 CEST.
Flavor | Version | Tinstall | Tcheck | Ttotal | Status | Flags |
---|---|---|---|---|---|---|
r-devel-linux-x86_64-debian-clang | 0.6.7 | 52.42 | 223.21 | 275.63 | OK | |
r-devel-linux-x86_64-debian-gcc | 0.6.7 | 35.02 | 156.93 | 191.95 | OK | |
r-devel-linux-x86_64-fedora-clang | 0.6.7 | 337.69 | OK | |||
r-devel-linux-x86_64-fedora-gcc | 0.6.7 | 359.71 | OK | |||
r-devel-windows-x86_64 | 0.6.7 | 40.00 | 198.00 | 238.00 | OK | |
r-patched-linux-x86_64 | 0.6.7 | 46.22 | 198.76 | 244.98 | OK | |
r-release-linux-x86_64 | 0.6.7 | 35.32 | 203.21 | 238.53 | OK | |
r-release-macos-arm64 | 0.6.7 | 81.00 | NOTE | |||
r-release-macos-x86_64 | 0.6.7 | 160.00 | NOTE | |||
r-release-windows-x86_64 | 0.6.7 | 54.00 | 240.00 | 294.00 | OK | |
r-oldrel-macos-arm64 | 0.6.7 | 72.00 | NOTE | |||
r-oldrel-macos-x86_64 | 0.6.7 | 108.00 | NOTE | |||
r-oldrel-windows-x86_64 | 0.6.7 | 50.00 | 233.00 | 283.00 | OK |
Version: 0.6.7
Check: package dependencies
Result: NOTE
Packages suggested but not available for checking: 'HiTC', 'snpStats'
Flavor: r-release-macos-arm64
Version: 0.6.7
Check: installed package size
Result: NOTE
installed size is 5.5Mb
sub-directories of 1Mb or more:
doc 2.4Mb
libs 2.5Mb
Flavors: r-release-macos-arm64, r-release-macos-x86_64, r-oldrel-macos-arm64, r-oldrel-macos-x86_64
Version: 0.6.7
Check: Rd cross-references
Result: NOTE
Package unavailable to check Rd xrefs: ‘snpStats’
Flavor: r-release-macos-arm64
Version: 0.6.7
Check: package dependencies
Result: NOTE
Package suggested but not available for checking: ‘HiTC’
Flavors: r-release-macos-x86_64, r-oldrel-macos-arm64, r-oldrel-macos-x86_64