Last updated on 2024-04-19 22:55:38 CEST.
Flavor | Version | Tinstall | Tcheck | Ttotal | Status | Flags |
---|---|---|---|---|---|---|
r-devel-linux-x86_64-debian-clang | 1.4-5 | 10.57 | 70.01 | 80.58 | NOTE | |
r-devel-linux-x86_64-debian-gcc | 1.4-5 | NOTE | ||||
r-devel-linux-x86_64-fedora-clang | 1.4-5 | 97.84 | NOTE | |||
r-devel-linux-x86_64-fedora-gcc | 1.4-5 | 94.74 | NOTE | |||
r-prerel-macos-arm64 | 1.4-5 | 29.00 | NOTE | |||
r-prerel-windows-x86_64 | 1.4-5 | 11.00 | 77.00 | 88.00 | NOTE | |
r-patched-linux-x86_64 | 1.4-5 | 11.17 | 65.05 | 76.22 | NOTE | |
r-release-linux-x86_64 | 1.4-5 | 10.52 | 63.11 | 73.63 | OK | |
r-release-macos-arm64 | 1.4-5 | 31.00 | OK | |||
r-release-macos-x86_64 | 1.4-5 | 49.00 | OK | |||
r-release-windows-x86_64 | 1.4-5 | 11.00 | 89.00 | 100.00 | OK | |
r-oldrel-macos-arm64 | 1.4-5 | 29.00 | OK | |||
r-oldrel-windows-x86_64 | 1.4-5 | 12.00 | 87.00 | 99.00 | OK |
Version: 1.4-5
Check: Rd files
Result: NOTE
checkRd: (-1) Amatdual.Rd:15: Lost braces
15 | \item{removelist}{a vector of indices into env{X} of the lifted coefficients during the transform (in the order of removal). }
| ^
checkRd: (-1) fwtnp.Rd:30: Lost braces
30 | Given \eqn{n} points on a line, \env{input}, each with a corresponding env{f} value this algorithm computes a lifting transform of the (\env{input},\env{f}) data. If lengths are inputted (\env{inputtype="lengths"}), then the gridpoints are taken to be the left endpoints of the intervals defined by the lengths inputted.
| ^
Flavors: r-devel-linux-x86_64-debian-clang, r-devel-linux-x86_64-debian-gcc, r-devel-linux-x86_64-fedora-clang, r-devel-linux-x86_64-fedora-gcc, r-prerel-macos-arm64, r-prerel-windows-x86_64, r-patched-linux-x86_64