CRAN Package Check Results for Package advclust

Last updated on 2021-12-06 21:51:06 CET.

Flavor Version Tinstall Tcheck Ttotal Status Flags
r-devel-linux-x86_64-debian-clang 0.4 7.84 122.49 130.33 NOTE
r-devel-linux-x86_64-debian-gcc 0.4 6.56 86.64 93.20 NOTE
r-devel-linux-x86_64-fedora-clang 0.4 153.45 NOTE
r-devel-linux-x86_64-fedora-gcc 0.4 138.23 NOTE
r-devel-windows-x86_64-new-UL 0.4 23.00 164.00 187.00 NOTE
r-devel-windows-x86_64-new-TK 0.4 NOTE
r-devel-windows-x86_64-old 0.4 16.00 109.00 125.00 NOTE
r-patched-linux-x86_64 0.4 8.13 105.03 113.16 NOTE
r-release-linux-x86_64 0.4 6.90 111.55 118.45 NOTE
r-release-macos-arm64 0.4 NOTE
r-release-macos-x86_64 0.4 NOTE
r-release-windows-ix86+x86_64 0.4 21.00 140.00 161.00 NOTE
r-oldrel-macos-x86_64 0.4 OK
r-oldrel-windows-ix86+x86_64 0.4 20.00 142.00 162.00 OK

Check Details

Version: 0.4
Check: LazyData
Result: NOTE
     'LazyData' is specified without a 'data' directory
Flavors: r-devel-linux-x86_64-debian-clang, r-devel-linux-x86_64-debian-gcc, r-devel-linux-x86_64-fedora-clang, r-devel-linux-x86_64-fedora-gcc, r-devel-windows-x86_64-new-UL, r-devel-windows-x86_64-new-TK, r-devel-windows-x86_64-old, r-patched-linux-x86_64, r-release-linux-x86_64, r-release-macos-arm64, r-release-macos-x86_64, r-release-windows-ix86+x86_64