CRAN Package Check Results for Package africamonitor

Last updated on 2024-03-02 22:41:47 CET.

Flavor Version Tinstall Tcheck Ttotal Status Flags
r-devel-linux-x86_64-debian-clang 0.2.4 3.52 47.74 51.26 OK
r-devel-linux-x86_64-debian-gcc 0.2.4 3.02 36.31 39.33 OK
r-devel-linux-x86_64-fedora-clang 0.2.4 64.80 NOTE
r-devel-linux-x86_64-fedora-gcc 0.2.4 64.50 NOTE
r-devel-windows-x86_64 0.2.4 5.00 62.00 67.00 OK
r-patched-linux-x86_64 0.2.4 5.56 45.63 51.19 OK
r-release-linux-x86_64 0.2.4 4.69 46.82 51.51 OK
r-release-macos-arm64 0.2.4 29.00 OK
r-release-macos-x86_64 0.2.4 68.00 OK
r-release-windows-x86_64 0.2.4 6.00 63.00 69.00 OK
r-oldrel-macos-arm64 0.2.4 28.00 OK
r-oldrel-windows-x86_64 0.2.4 6.00 66.00 72.00 OK

Check Details

Version: 0.2.4
Check: data for non-ASCII characters
Result: NOTE Note: found 11 marked UTF-8 strings Flavors: r-devel-linux-x86_64-fedora-clang, r-devel-linux-x86_64-fedora-gcc