CRAN Package Check Results for Package agRee

Last updated on 2022-01-24 22:56:19 CET.

Flavor Version Tinstall Tcheck Ttotal Status Flags
r-devel-linux-x86_64-debian-clang 0.5-3 17.69 144.21 161.90 OK
r-devel-linux-x86_64-debian-gcc 0.5-3 12.32 108.51 120.83 OK
r-devel-linux-x86_64-fedora-clang 0.5-3 196.71 NOTE
r-devel-linux-x86_64-fedora-gcc 0.5-3 198.71 OK
r-devel-windows-x86_64-new-UL 0.5-3 28.00 149.00 177.00 OK
r-devel-windows-x86_64-new-TK 0.5-3 ERROR
r-patched-linux-x86_64 0.5-3 17.41 139.49 156.90 OK
r-release-linux-x86_64 0.5-3 17.38 137.00 154.38 OK
r-release-macos-arm64 0.5-3 OK
r-release-macos-x86_64 0.5-3 OK
r-release-windows-ix86+x86_64 0.5-3 41.00 159.00 200.00 OK
r-oldrel-macos-x86_64 0.5-3 OK
r-oldrel-windows-ix86+x86_64 0.5-3 41.00 159.00 200.00 OK

Check Details

Version: 0.5-3
Check: Rd cross-references
Result: NOTE
    Undeclared packages ‘epiR’, ‘cccrm’ in Rd xrefs
Flavor: r-devel-linux-x86_64-fedora-clang

Version: 0.5-3
Check: package dependencies
Result: ERROR
    Package required but not available: 'lme4'
    
    See section 'The DESCRIPTION file' in the 'Writing R Extensions'
    manual.
Flavor: r-devel-windows-x86_64-new-TK