CRAN Package Check Results for Package agcounts

Last updated on 2024-06-13 22:49:18 CEST.

Flavor Version Tinstall Tcheck Ttotal Status Flags
r-devel-linux-x86_64-debian-clang 0.6.6 58.59 168.90 227.49 OK
r-devel-linux-x86_64-debian-gcc 0.6.6 0.53 1.78 2.31 ERROR
r-devel-linux-x86_64-fedora-clang 0.6.6 313.38 OK
r-devel-linux-x86_64-fedora-gcc 0.6.6 306.60 OK
r-devel-windows-x86_64 0.6.6 87.00 576.00 663.00 OK
r-patched-linux-x86_64 0.6.6 49.99 161.32 211.31 OK
r-release-linux-x86_64 0.6.6 48.57 162.54 211.11 OK
r-release-macos-arm64 0.6.6 75.00 NOTE
r-release-macos-x86_64 0.6.6 99.00 NOTE
r-release-windows-x86_64 0.6.6 87.00 592.00 679.00 OK
r-oldrel-macos-arm64 0.6.6 76.00 NOTE
r-oldrel-macos-x86_64 0.6.6 147.00 NOTE
r-oldrel-windows-x86_64 0.6.6 78.00 392.00 470.00 OK

Check Details

Version: 0.6.6
Check: package dependencies
Result: ERROR Packages required but not available: 'lubridate', 'GGIR', 'dplyr', 'stringr', 'ggplot2', 'RSQLite' Packages suggested but not available for checking: 'devtools', 'testthat', 'shinytest2' See section ‘The DESCRIPTION file’ in the ‘Writing R Extensions’ manual. Flavor: r-devel-linux-x86_64-debian-gcc

Version: 0.6.6
Check: installed package size
Result: NOTE installed size is 5.7Mb sub-directories of 1Mb or more: extdata 3.4Mb libs 2.1Mb Flavors: r-release-macos-arm64, r-release-macos-x86_64, r-oldrel-macos-arm64, r-oldrel-macos-x86_64