CRAN Package Check Results for Package agricolaeplotr

Last updated on 2021-12-07 22:59:22 CET.

Flavor Version Tinstall Tcheck Ttotal Status Flags
r-devel-linux-x86_64-debian-clang 0.2.2 8.31 116.03 124.34 OK
r-devel-linux-x86_64-debian-gcc 0.2.2 6.25 85.36 91.61 OK
r-devel-linux-x86_64-fedora-clang 0.2.2 146.93 NOTE
r-devel-linux-x86_64-fedora-gcc 0.2.2 133.53 NOTE
r-devel-windows-x86_64-new-UL 0.2.2 18.00 168.00 186.00 OK
r-devel-windows-x86_64-new-TK 0.2.2 NOTE
r-devel-windows-x86_64-old 0.2.2 14.00 140.00 154.00 OK
r-patched-linux-x86_64 0.2.2 8.83 100.29 109.12 OK
r-release-linux-x86_64 0.2.2 8.96 101.36 110.32 OK
r-release-macos-arm64 0.2.2 NOTE
r-release-macos-x86_64 0.2.2 NOTE
r-release-windows-ix86+x86_64 0.2.2 13.00 128.00 141.00 OK
r-oldrel-macos-x86_64 0.2.2 NOTE
r-oldrel-windows-ix86+x86_64 0.2.2 19.00 136.00 155.00 OK

Check Details

Version: 0.2.2
Check: dependencies in R code
Result: NOTE
    Namespace in Imports field not imported from: ‘rmarkdown’
     All declared Imports should be used.
Flavors: r-devel-linux-x86_64-fedora-clang, r-devel-linux-x86_64-fedora-gcc, r-devel-windows-x86_64-new-TK, r-release-macos-arm64, r-release-macos-x86_64, r-oldrel-macos-x86_64