Last updated on 2023-11-30 22:58:51 CET.
Flavor | Version | Tinstall | Tcheck | Ttotal | Status | Flags |
---|---|---|---|---|---|---|
r-devel-linux-x86_64-debian-clang | 1.22 | 13.55 | 139.60 | 153.15 | NOTE | |
r-devel-linux-x86_64-debian-gcc | 1.22 | 9.29 | 106.77 | 116.06 | NOTE | |
r-devel-linux-x86_64-fedora-clang | 1.22 | 206.86 | NOTE | |||
r-devel-linux-x86_64-fedora-gcc | 1.22 | 223.33 | NOTE | |||
r-devel-windows-x86_64 | 1.22 | 15.00 | 258.00 | 273.00 | OK | |
r-patched-linux-x86_64 | 1.22 | 19.57 | 136.81 | 156.38 | NOTE | |
r-release-linux-x86_64 | 1.22 | 11.75 | 136.14 | 147.89 | NOTE | |
r-release-macos-arm64 | 1.22 | 82.00 | OK | |||
r-release-macos-x86_64 | 1.22 | 235.00 | OK | |||
r-release-windows-x86_64 | 1.22 | 18.00 | 316.00 | 334.00 | OK | |
r-oldrel-macos-arm64 | 1.22 | 106.00 | OK | |||
r-oldrel-macos-x86_64 | 1.22 | 139.00 | OK | |||
r-oldrel-windows-x86_64 | 1.22 | 30.00 | 284.00 | 314.00 | OK |
Version: 1.22
Check: package dependencies
Result: NOTE
Package suggested but not available for checking: ‘rgdal’
Flavors: r-devel-linux-x86_64-debian-clang, r-devel-linux-x86_64-debian-gcc, r-devel-linux-x86_64-fedora-clang, r-devel-linux-x86_64-fedora-gcc, r-patched-linux-x86_64, r-release-linux-x86_64
Version: 1.22
Check: Rd files
Result: NOTE
checkRd: (-1) battese.survey.Rd:42: Lost braces
42 | emph{Journal of the American Statistical Association}, 83, 28-36.
| ^
checkRd: (-1) butron.maize.Rd:49: Lost braces
49 | Butron, A and Velasco, P and Ord{\'a}s, A and Malvar, RA (2004).
| ^
Flavors: r-devel-linux-x86_64-debian-clang, r-devel-linux-x86_64-debian-gcc