Last updated on 2023-10-01 23:03:38 CEST.
Flavor | Version | Tinstall | Tcheck | Ttotal | Status | Flags |
---|---|---|---|---|---|---|
r-devel-linux-x86_64-debian-clang | 0.3.1 | 5.51 | 151.17 | 156.68 | NOTE | |
r-devel-linux-x86_64-debian-gcc | 0.3.1 | 4.50 | 101.06 | 105.56 | NOTE | |
r-devel-linux-x86_64-fedora-clang | 0.3.1 | 183.79 | NOTE | |||
r-devel-linux-x86_64-fedora-gcc | 0.3.1 | 193.03 | NOTE | |||
r-devel-windows-x86_64 | 0.3.1 | 7.00 | 113.00 | 120.00 | NOTE | |
r-patched-linux-x86_64 | 0.3.1 | 5.99 | 142.03 | 148.02 | NOTE | |
r-release-linux-x86_64 | 0.3.1 | 4.95 | 140.44 | 145.39 | NOTE | |
r-release-macos-arm64 | 0.3.1 | 55.00 | NOTE | |||
r-release-macos-x86_64 | 0.3.1 | 98.00 | NOTE | |||
r-release-windows-x86_64 | 0.3.1 | 9.00 | 132.00 | 141.00 | NOTE | |
r-oldrel-macos-arm64 | 0.3.1 | 47.00 | NOTE | |||
r-oldrel-macos-x86_64 | 0.3.1 | 64.00 | NOTE | |||
r-oldrel-windows-x86_64 | 0.3.1 | 9.00 | 143.00 | 152.00 | NOTE |
Version: 0.3.1
Check: LazyData
Result: NOTE
'LazyData' is specified without a 'data' directory
Flavors: r-devel-linux-x86_64-debian-clang, r-devel-linux-x86_64-debian-gcc, r-devel-linux-x86_64-fedora-clang, r-devel-linux-x86_64-fedora-gcc, r-devel-windows-x86_64, r-patched-linux-x86_64, r-release-linux-x86_64, r-release-macos-arm64, r-release-macos-x86_64, r-release-windows-x86_64, r-oldrel-macos-arm64, r-oldrel-macos-x86_64, r-oldrel-windows-x86_64