CRAN Package Check Results for Package ahpsurvey

Last updated on 2021-11-27 22:56:50 CET.

Flavor Version Tinstall Tcheck Ttotal Status Flags
r-devel-linux-x86_64-debian-clang 0.4.1 OK
r-devel-linux-x86_64-debian-gcc 0.4.1 3.56 74.18 77.74 OK
r-devel-linux-x86_64-fedora-clang 0.4.1 131.66 NOTE
r-devel-linux-x86_64-fedora-gcc 0.4.1 130.17 NOTE
r-devel-windows-x86_64-new-UL 0.4.1 14.00 126.00 140.00 OK
r-devel-windows-x86_64-new-TK 0.4.1 NOTE
r-devel-windows-x86_64-old 0.4.1 8.00 105.00 113.00 OK
r-patched-linux-x86_64 0.4.1 5.56 55.30 60.86 OK
r-patched-solaris-x86 0.4.1 106.40 NOTE
r-release-linux-x86_64 0.4.1 OK
r-release-macos-arm64 0.4.1 NOTE
r-release-macos-x86_64 0.4.1 NOTE
r-release-windows-ix86+x86_64 0.4.1 14.00 76.00 90.00 OK
r-oldrel-macos-x86_64 0.4.1 NOTE
r-oldrel-windows-ix86+x86_64 0.4.1 13.00 82.00 95.00 OK

Check Details

Version: 0.4.1
Check: dependencies in R code
Result: NOTE
    Namespaces in Imports field not imported from:
     ‘knitr’ ‘randomNames’ ‘tidyr’
     All declared Imports should be used.
Flavors: r-devel-linux-x86_64-fedora-clang, r-devel-linux-x86_64-fedora-gcc, r-devel-windows-x86_64-new-TK, r-patched-solaris-x86, r-release-macos-arm64, r-release-macos-x86_64, r-oldrel-macos-x86_64