CRAN Package Check Results for Package ahptopsis2n

Last updated on 2022-05-23 22:58:08 CEST.

Flavor Version Tinstall Tcheck Ttotal Status Flags
r-devel-linux-x86_64-debian-clang 0.2.0 2.08 32.59 34.67 NOTE
r-devel-linux-x86_64-debian-gcc 0.2.0 1.51 25.04 26.55 NOTE
r-devel-linux-x86_64-fedora-clang 0.2.0 44.27 NOTE
r-devel-linux-x86_64-fedora-gcc 0.2.0 40.48 NOTE
r-devel-windows-x86_64 0.2.0 14.00 52.00 66.00 NOTE
r-patched-linux-x86_64 0.2.0 1.77 31.28 33.05 NOTE
r-release-linux-x86_64 0.2.0 NOTE
r-release-macos-arm64 0.2.0 14.00 NOTE
r-release-macos-x86_64 0.2.0 22.00 NOTE
r-release-windows-x86_64 0.2.0 11.00 52.00 63.00 NOTE
r-oldrel-macos-arm64 0.2.0 20.00 NOTE
r-oldrel-macos-x86_64 0.2.0 32.00 NOTE
r-oldrel-windows-ix86+x86_64 0.2.0 5.00 41.00 46.00 NOTE

Check Details

Version: 0.2.0
Check: LazyData
Result: NOTE
     'LazyData' is specified without a 'data' directory
Flavors: r-devel-linux-x86_64-debian-clang, r-devel-linux-x86_64-debian-gcc, r-devel-linux-x86_64-fedora-clang, r-devel-linux-x86_64-fedora-gcc, r-devel-windows-x86_64, r-patched-linux-x86_64, r-release-linux-x86_64, r-release-macos-arm64, r-release-macos-x86_64, r-release-windows-x86_64, r-oldrel-macos-arm64, r-oldrel-macos-x86_64, r-oldrel-windows-ix86+x86_64