CRAN Package Check Results for Package akima

Last updated on 2021-09-18 10:52:33 CEST.

Flavor Version Tinstall Tcheck Ttotal Status Flags
r-devel-linux-x86_64-debian-clang 0.6-2.2 11.90 38.36 50.26 WARN
r-devel-linux-x86_64-debian-gcc 0.6-2.2 9.17 30.21 39.38 WARN
r-devel-linux-x86_64-fedora-clang 0.6-2.2 72.24 NOTE
r-devel-linux-x86_64-fedora-gcc 0.6-2.2 60.45 OK
r-devel-windows-x86_64 0.6-2.2 16.00 52.00 68.00 OK
r-devel-windows-x86_64-gcc10-UCRT 0.6-2.2 OK
r-patched-linux-x86_64 0.6-2.2 11.19 37.77 48.96 WARN
r-patched-solaris-x86 0.6-2.2 88.00 OK
r-release-linux-x86_64 0.6-2.2 9.53 38.05 47.58 WARN
r-release-macos-arm64 0.6-2.2 OK
r-release-macos-x86_64 0.6-2.2 OK
r-release-windows-ix86+x86_64 0.6-2.2 33.00 69.00 102.00 OK
r-oldrel-macos-x86_64 0.6-2.2 OK
r-oldrel-windows-ix86+x86_64 0.6-2.2 33.00 53.00 86.00 OK

Check Details

Version: 0.6-2.2
Check: top-level files
Result: WARN
     Output from running autoreconf:
     configure.ac:29: warning: AC_OUTPUT should be used without arguments.
     configure.ac:29: You should run autoupdate.
Flavors: r-devel-linux-x86_64-debian-clang, r-devel-linux-x86_64-debian-gcc, r-patched-linux-x86_64, r-release-linux-x86_64

Version: 0.6-2.2
Check: Rd cross-references
Result: NOTE
    Undeclared package ‘tripack’ in Rd xrefs
Flavor: r-devel-linux-x86_64-fedora-clang