CRAN Package Check Results for Package alakazam

Last updated on 2021-06-12 22:55:00 CEST.

Flavor Version Tinstall Tcheck Ttotal Status Flags
r-devel-linux-x86_64-debian-clang 1.1.0 56.30 571.69 627.99 OK
r-devel-linux-x86_64-debian-gcc 1.1.0 48.25 433.36 481.61 OK
r-devel-linux-x86_64-fedora-clang 1.1.0 719.96 OK
r-devel-linux-x86_64-fedora-gcc 1.1.0 710.93 OK
r-devel-windows-x86_64 1.1.0 87.00 759.00 846.00 OK
r-devel-windows-x86_64-gcc10-UCRT 1.1.0 OK
r-patched-linux-x86_64 1.1.0 53.93 539.61 593.54 OK
r-patched-solaris-x86 1.1.0 963.60 OK
r-release-linux-x86_64 1.1.0 51.37 542.66 594.03 OK
r-release-macos-arm64 1.1.0 ERROR
r-release-macos-x86_64 1.1.0 OK
r-release-windows-ix86+x86_64 1.1.0 123.00 927.00 1050.00 OK
r-oldrel-macos-x86_64 1.1.0 OK
r-oldrel-windows-ix86+x86_64 1.1.0 134.00 958.00 1092.00 OK

Check Details

Version: 1.1.0
Check: package dependencies
Result: ERROR
    Package required but not available: ‘GenomicAlignments’
    
    See section ‘The DESCRIPTION file’ in the ‘Writing R Extensions’
    manual.
Flavor: r-release-macos-arm64