Last updated on 2024-03-28 23:01:38 CET.
Flavor | Version | Tinstall | Tcheck | Ttotal | Status | Flags |
---|---|---|---|---|---|---|
r-devel-linux-x86_64-debian-clang | 1.2.1 | 3.68 | 40.06 | 43.74 | NOTE | |
r-devel-linux-x86_64-debian-gcc | 1.2.1 | 2.60 | 31.31 | 33.91 | NOTE | |
r-devel-linux-x86_64-fedora-clang | 1.2.1 | 58.70 | NOTE | |||
r-devel-linux-x86_64-fedora-gcc | 1.2.1 | 66.34 | NOTE | |||
r-devel-windows-x86_64 | 1.2.1 | 4.00 | 66.00 | 70.00 | NOTE | |
r-patched-linux-x86_64 | 1.2.1 | 3.79 | 38.48 | 42.27 | NOTE | |
r-release-linux-x86_64 | 1.2.1 | 3.76 | 36.39 | 40.15 | NOTE | |
r-release-macos-arm64 | 1.2.1 | 27.00 | NOTE | |||
r-release-macos-x86_64 | 1.2.1 | 49.00 | NOTE | |||
r-release-windows-x86_64 | 1.2.1 | 5.00 | 67.00 | 72.00 | NOTE | |
r-oldrel-macos-arm64 | 1.2.1 | 18.00 | NOTE | |||
r-oldrel-windows-x86_64 | 1.2.1 | 5.00 | 72.00 | 77.00 | NOTE |
Version: 1.2.1
Check: LazyData
Result: NOTE
'LazyData' is specified without a 'data' directory
Flavors: r-devel-linux-x86_64-debian-clang, r-devel-linux-x86_64-debian-gcc, r-devel-linux-x86_64-fedora-clang, r-devel-linux-x86_64-fedora-gcc, r-devel-windows-x86_64, r-patched-linux-x86_64, r-release-linux-x86_64, r-release-macos-arm64, r-release-macos-x86_64, r-release-windows-x86_64, r-oldrel-macos-arm64, r-oldrel-windows-x86_64