CRAN Package Check Results for Package algaeClassify

Last updated on 2021-12-05 22:48:44 CET.

Flavor Version Tinstall Tcheck Ttotal Status Flags
r-devel-linux-x86_64-debian-clang 1.2.0 5.41 55.64 61.05 OK
r-devel-linux-x86_64-debian-gcc 1.2.0 4.46 43.82 48.28 OK
r-devel-linux-x86_64-fedora-clang 1.2.0 76.83 NOTE
r-devel-linux-x86_64-fedora-gcc 1.2.0 63.71 NOTE
r-devel-windows-x86_64-new-UL 1.2.0 15.00 97.00 112.00 OK
r-devel-windows-x86_64-new-TK 1.2.0 NOTE
r-devel-windows-x86_64-old 1.2.0 12.00 56.00 68.00 OK
r-patched-linux-x86_64 1.2.0 6.25 45.97 52.22 OK
r-release-linux-x86_64 1.2.0 6.20 54.09 60.29 OK
r-release-macos-arm64 1.2.0 NOTE
r-release-macos-x86_64 1.2.0 NOTE
r-release-windows-ix86+x86_64 1.2.0 15.00 69.00 84.00 OK
r-oldrel-macos-x86_64 1.2.0 NOTE
r-oldrel-windows-ix86+x86_64 1.2.0 14.00 72.00 86.00 OK

Check Details

Version: 1.2.0
Check: dependencies in R code
Result: NOTE
    Namespace in Imports field not imported from: ‘taxize’
     All declared Imports should be used.
Flavors: r-devel-linux-x86_64-fedora-clang, r-devel-linux-x86_64-fedora-gcc, r-devel-windows-x86_64-new-TK, r-release-macos-arm64, r-release-macos-x86_64, r-oldrel-macos-x86_64