CRAN Package Check Results for Package algaeClassify

Last updated on 2021-08-01 22:49:33 CEST.

Flavor Version Tinstall Tcheck Ttotal Status Flags
r-devel-linux-x86_64-debian-clang 1.2.0 5.43 49.74 55.17 OK
r-devel-linux-x86_64-debian-gcc 1.2.0 4.28 38.25 42.53 OK
r-devel-linux-x86_64-fedora-clang 1.2.0 75.14 NOTE
r-devel-linux-x86_64-fedora-gcc 1.2.0 63.65 NOTE
r-devel-windows-x86_64 1.2.0 20.00 72.00 92.00 OK
r-devel-windows-x86_64-gcc10-UCRT 1.2.0 NOTE
r-patched-linux-x86_64 1.2.0 OK
r-patched-solaris-x86 1.2.0 97.70 NOTE
r-release-linux-x86_64 1.2.0 5.60 47.47 53.07 OK
r-release-macos-arm64 1.2.0 NOTE
r-release-macos-x86_64 1.2.0 NOTE
r-release-windows-ix86+x86_64 1.2.0 15.00 71.00 86.00 OK
r-oldrel-macos-x86_64 1.2.0 NOTE
r-oldrel-windows-ix86+x86_64 1.2.0 15.00 72.00 87.00 OK

Check Details

Version: 1.2.0
Check: dependencies in R code
Result: NOTE
    Namespace in Imports field not imported from: ‘taxize’
     All declared Imports should be used.
Flavors: r-devel-linux-x86_64-fedora-clang, r-devel-linux-x86_64-fedora-gcc, r-devel-windows-x86_64-gcc10-UCRT, r-patched-solaris-x86, r-release-macos-arm64, r-release-macos-x86_64, r-oldrel-macos-x86_64