Last updated on 2023-09-25 22:12:32 CEST.
Flavor | Version | Tinstall | Tcheck | Ttotal | Status | Flags |
---|---|---|---|---|---|---|
r-devel-linux-x86_64-debian-clang | 0.2.2 | 57.34 | 163.18 | 220.52 | NOTE | |
r-devel-linux-x86_64-debian-gcc | 0.2.2 | 34.38 | 120.47 | 154.85 | NOTE | |
r-devel-linux-x86_64-fedora-clang | 0.2.2 | 294.84 | NOTE | |||
r-devel-linux-x86_64-fedora-gcc | 0.2.2 | 316.64 | NOTE | |||
r-devel-windows-x86_64 | 0.2.2 | 44.00 | 249.00 | 293.00 | NOTE | |
r-patched-linux-x86_64 | 0.2.2 | 48.29 | 150.14 | 198.43 | NOTE | |
r-release-linux-x86_64 | 0.2.2 | 49.73 | 144.97 | 194.70 | NOTE | |
r-release-macos-arm64 | 0.2.2 | 94.00 | NOTE | |||
r-release-macos-x86_64 | 0.2.2 | 155.00 | NOTE | |||
r-release-windows-x86_64 | 0.2.2 | 53.00 | 236.00 | 289.00 | NOTE | |
r-oldrel-macos-arm64 | 0.2.2 | 76.00 | NOTE | |||
r-oldrel-macos-x86_64 | 0.2.2 | 110.00 | NOTE | |||
r-oldrel-windows-x86_64 | 0.2.2 | 48.00 | 242.00 | 290.00 | NOTE |
Version: 0.2.2
Check: LazyData
Result: NOTE
'LazyData' is specified without a 'data' directory
Flavors: r-devel-linux-x86_64-debian-clang, r-devel-linux-x86_64-debian-gcc, r-devel-linux-x86_64-fedora-clang, r-devel-linux-x86_64-fedora-gcc, r-devel-windows-x86_64, r-patched-linux-x86_64, r-release-linux-x86_64, r-release-macos-arm64, r-release-macos-x86_64, r-release-windows-x86_64, r-oldrel-macos-arm64, r-oldrel-macos-x86_64, r-oldrel-windows-x86_64
Version: 0.2.2
Check: compiled code
Result: NOTE
File ‘alphabetr/libs/alphabetr.so’:
Found no calls to: ‘R_registerRoutines’, ‘R_useDynamicSymbols’
It is good practice to register native routines and to disable symbol
search.
See ‘Writing portable packages’ in the ‘Writing R Extensions’ manual.
Flavors: r-devel-linux-x86_64-fedora-clang, r-devel-linux-x86_64-fedora-gcc