CRAN Package Check Results for Package altfuelr

Last updated on 2021-12-03 22:57:32 CET.

Flavor Version Tinstall Tcheck Ttotal Status Flags
r-devel-linux-x86_64-debian-clang 0.1.0 5.01 27.02 32.03 OK
r-devel-linux-x86_64-debian-gcc 0.1.0 4.78 22.09 26.87 OK
r-devel-linux-x86_64-fedora-clang 0.1.0 52.37 NOTE
r-devel-linux-x86_64-fedora-gcc 0.1.0 41.88 NOTE
r-devel-windows-x86_64-new-UL 0.1.0 13.00 63.00 76.00 OK
r-devel-windows-x86_64-new-TK 0.1.0 NOTE
r-devel-windows-x86_64-old 0.1.0 14.00 33.00 47.00 OK
r-patched-linux-x86_64 0.1.0 5.13 26.80 31.93 OK
r-release-linux-x86_64 0.1.0 4.91 26.37 31.28 OK
r-release-macos-arm64 0.1.0 NOTE
r-release-macos-x86_64 0.1.0 NOTE
r-release-windows-ix86+x86_64 0.1.0 12.00 46.00 58.00 OK
r-oldrel-macos-x86_64 0.1.0 NOTE
r-oldrel-windows-ix86+x86_64 0.1.0 11.00 46.00 57.00 OK

Check Details

Version: 0.1.0
Check: data for non-ASCII characters
Result: NOTE
     Note: found 171 marked UTF-8 strings
Flavors: r-devel-linux-x86_64-fedora-clang, r-devel-linux-x86_64-fedora-gcc, r-devel-windows-x86_64-new-TK, r-release-macos-arm64, r-release-macos-x86_64, r-oldrel-macos-x86_64