Last updated on 2024-03-28 23:01:38 CET.
Flavor | Version | Tinstall | Tcheck | Ttotal | Status | Flags |
---|---|---|---|---|---|---|
r-devel-linux-x86_64-debian-clang | 0.8-19 | 10.28 | 36.31 | 46.59 | OK | |
r-devel-linux-x86_64-debian-gcc | 0.8-19 | 8.62 | 29.36 | 37.98 | OK | |
r-devel-linux-x86_64-fedora-clang | 0.8-19 | 59.57 | OK | |||
r-devel-linux-x86_64-fedora-gcc | 0.8-19 | 75.77 | OK | |||
r-devel-windows-x86_64 | 0.8-19 | 15.00 | 67.00 | 82.00 | OK | |
r-patched-linux-x86_64 | 0.8-19 | 13.78 | 36.24 | 50.02 | OK | |
r-release-linux-x86_64 | 0.8-19 | 11.66 | 34.57 | 46.23 | OK | |
r-release-macos-arm64 | 0.8-19 | 30.00 | OK | |||
r-release-macos-x86_64 | 0.8-19 | 37.00 | NOTE | |||
r-release-windows-x86_64 | 0.8-19 | 17.00 | 68.00 | 85.00 | OK | |
r-oldrel-macos-arm64 | 0.8-19 | 23.00 | OK | |||
r-oldrel-windows-x86_64 | 0.8-19 | 23.00 | 81.00 | 104.00 | OK |
Version: 0.8-19
Check: package dependencies
Result: NOTE
Package suggested but not available for checking: ‘Biobase’
Flavor: r-release-macos-x86_64