CRAN Package Check Results for Package ambient

Last updated on 2021-11-28 22:51:07 CET.

Flavor Version Tinstall Tcheck Ttotal Status Flags
r-devel-linux-x86_64-debian-clang 1.0.0 NOTE
r-devel-linux-x86_64-debian-gcc 1.0.0 38.28 37.94 76.22 NOTE
r-devel-linux-x86_64-fedora-clang 1.0.0 164.53 NOTE
r-devel-linux-x86_64-fedora-gcc 1.0.0 135.53 NOTE
r-devel-windows-x86_64-new-UL 1.0.0 77.00 115.00 192.00 NOTE
r-devel-windows-x86_64-new-TK 1.0.0 NOTE
r-devel-windows-x86_64-old 1.0.0 59.00 86.00 145.00 NOTE
r-patched-linux-x86_64 1.0.0 43.49 45.61 89.10 NOTE
r-patched-solaris-x86 1.0.0 155.80 NOTE
r-release-linux-x86_64 1.0.0 46.81 45.49 92.30 NOTE
r-release-macos-arm64 1.0.0 NOTE
r-release-macos-x86_64 1.0.0 NOTE
r-release-windows-ix86+x86_64 1.0.0 137.00 98.00 235.00 NOTE
r-oldrel-macos-x86_64 1.0.0 OK
r-oldrel-windows-ix86+x86_64 1.0.0 110.00 126.00 236.00 OK

Check Details

Version: 1.0.0
Check: LazyData
Result: NOTE
     'LazyData' is specified without a 'data' directory
Flavors: r-devel-linux-x86_64-debian-clang, r-devel-linux-x86_64-debian-gcc, r-devel-linux-x86_64-fedora-clang, r-devel-linux-x86_64-fedora-gcc, r-devel-windows-x86_64-new-UL, r-devel-windows-x86_64-new-TK, r-devel-windows-x86_64-old, r-patched-linux-x86_64, r-patched-solaris-x86, r-release-linux-x86_64, r-release-macos-arm64, r-release-macos-x86_64, r-release-windows-ix86+x86_64