Last updated on 2024-04-25 22:49:00 CEST.
Flavor | Version | Tinstall | Tcheck | Ttotal | Status | Flags |
---|---|---|---|---|---|---|
r-devel-linux-x86_64-debian-clang | 0.2.1 | 2.25 | 29.91 | 32.16 | NOTE | |
r-devel-linux-x86_64-debian-gcc | 0.2.1 | 1.89 | 23.20 | 25.09 | NOTE | |
r-devel-linux-x86_64-fedora-clang | 0.2.1 | 42.87 | NOTE | |||
r-devel-linux-x86_64-fedora-gcc | 0.2.1 | 53.80 | NOTE | |||
r-devel-windows-x86_64 | 0.2.1 | 3.00 | 45.00 | 48.00 | NOTE | |
r-patched-linux-x86_64 | 0.2.1 | 1.97 | 28.94 | 30.91 | NOTE | |
r-release-linux-x86_64 | 0.2.1 | 1.66 | 27.45 | 29.11 | NOTE | |
r-release-macos-arm64 | 0.2.1 | 23.00 | NOTE | |||
r-release-windows-x86_64 | 0.2.1 | 3.00 | 45.00 | 48.00 | NOTE | |
r-oldrel-macos-arm64 | 0.2.1 | 23.00 | NOTE | |||
r-oldrel-macos-x86_64 | 0.2.1 | 37.00 | NOTE | |||
r-oldrel-windows-x86_64 | 0.2.1 | 3.00 | 51.00 | 54.00 | NOTE |
Version: 0.2.1
Check: LazyData
Result: NOTE
'LazyData' is specified without a 'data' directory
Flavors: r-devel-linux-x86_64-debian-clang, r-devel-linux-x86_64-debian-gcc, r-devel-linux-x86_64-fedora-clang, r-devel-linux-x86_64-fedora-gcc, r-devel-windows-x86_64, r-patched-linux-x86_64, r-release-linux-x86_64, r-release-macos-arm64, r-release-windows-x86_64, r-oldrel-macos-arm64, r-oldrel-macos-x86_64, r-oldrel-windows-x86_64