Last updated on 2023-12-03 22:57:00 CET.
Flavor | Version | Tinstall | Tcheck | Ttotal | Status | Flags |
---|---|---|---|---|---|---|
r-devel-linux-x86_64-debian-clang | 0.1.0 | 1.90 | 19.35 | 21.25 | NOTE | |
r-devel-linux-x86_64-debian-gcc | 0.1.0 | 1.22 | 15.22 | 16.44 | NOTE | |
r-devel-linux-x86_64-fedora-clang | 0.1.0 | 27.12 | NOTE | |||
r-devel-linux-x86_64-fedora-gcc | 0.1.0 | 26.15 | NOTE | |||
r-devel-windows-x86_64 | 0.1.0 | 3.00 | 35.00 | 38.00 | NOTE | |
r-patched-linux-x86_64 | 0.1.0 | 1.48 | 19.34 | 20.82 | NOTE | |
r-release-linux-x86_64 | 0.1.0 | 1.79 | 19.48 | 21.27 | NOTE | |
r-release-macos-arm64 | 0.1.0 | 15.00 | NOTE | |||
r-release-macos-x86_64 | 0.1.0 | 19.00 | NOTE | |||
r-release-windows-x86_64 | 0.1.0 | 3.00 | 35.00 | 38.00 | NOTE | |
r-oldrel-macos-arm64 | 0.1.0 | 15.00 | NOTE | |||
r-oldrel-macos-x86_64 | 0.1.0 | 19.00 | NOTE | |||
r-oldrel-windows-x86_64 | 0.1.0 | 5.00 | 40.00 | 45.00 | NOTE |
Version: 0.1.0
Check: LazyData
Result: NOTE
'LazyData' is specified without a 'data' directory
Flavors: r-devel-linux-x86_64-debian-clang, r-devel-linux-x86_64-debian-gcc, r-devel-linux-x86_64-fedora-clang, r-devel-linux-x86_64-fedora-gcc, r-devel-windows-x86_64, r-patched-linux-x86_64, r-release-linux-x86_64, r-release-macos-arm64, r-release-macos-x86_64, r-release-windows-x86_64, r-oldrel-macos-arm64, r-oldrel-macos-x86_64, r-oldrel-windows-x86_64