CRAN Package Check Results for Package analogsea

Last updated on 2021-11-29 22:59:04 CET.

Flavor Version Tinstall Tcheck Ttotal Status Flags
r-devel-linux-x86_64-debian-clang 1.0.3 5.17 39.56 44.73 OK
r-devel-linux-x86_64-debian-gcc 1.0.3 4.00 31.38 35.38 OK
r-devel-linux-x86_64-fedora-clang 1.0.3 65.81 OK
r-devel-linux-x86_64-fedora-gcc 1.0.3 55.45 OK
r-devel-windows-x86_64-new-UL 1.0.3 21.00 82.00 103.00 OK
r-devel-windows-x86_64-new-TK 1.0.3 OK
r-devel-windows-x86_64-old 1.0.3 8.00 49.00 57.00 OK
r-patched-linux-x86_64 1.0.3 6.04 38.80 44.84 OK
r-patched-solaris-x86 1.0.3 70.80 NOTE
r-release-linux-x86_64 1.0.3 4.92 38.71 43.63 OK
r-release-macos-arm64 1.0.3 OK
r-release-macos-x86_64 1.0.3 OK
r-release-windows-ix86+x86_64 1.0.3 10.00 60.00 70.00 OK
r-oldrel-macos-x86_64 1.0.3 OK
r-oldrel-windows-ix86+x86_64 1.0.3 7.00 45.00 52.00 OK

Check Details

Version: 1.0.3
Check: package dependencies
Result: NOTE
    Package suggested but not available for checking: ‘ssh’
Flavor: r-patched-solaris-x86